{"id":91,"date":"2022-04-10T17:56:09","date_gmt":"2022-04-10T15:56:09","guid":{"rendered":"https:\/\/parafiabierzwnik.pl\/?page_id=91"},"modified":"2023-07-27T15:03:23","modified_gmt":"2023-07-27T13:03:23","slug":"kontakt","status":"publish","type":"page","link":"https:\/\/parafiabierzwnik.pl\/?page_id=91","title":{"rendered":"Kontakt"},"content":{"rendered":"\n<h3 class=\"wp-block-heading\"><strong>Parafia Rzymskokatolicka<br>pw. Matki Bo\u017cej Szkaplerznej w Bierzwniku<\/strong><\/h3>\n\n\n\n<p>ul. Cysters\u00f3w 1 <br>73-240 Bierzwnik <br>proboszcz: ks. kanonik S\u0142awomir Mazurkiewicz<br>tel.: 95 768 00 32<br>tel. kom.: 668 599 998<br>email: <a href=\"mailto:glorian5@interia.pl\">glorian5@interia.pl<\/a><\/p>\n\n\n\n<p><\/p>\n\n\n\n<p>Nr konta parafii:<br><strong>GBS o\/Bierzwnik 90 8355 0009 0019 4637 2000 0001<\/strong><\/p>\n\n\n\n<p><iframe loading=\"lazy\" style=\"border: 0;\" src=\"https:\/\/www.google.com\/maps\/embed?pb=!1m18!1m12!1m3!1d4798.176343204443!2d15.65837642890231!3d53.03675267094726!2m3!1f0!2f0!3f0!3m2!1i1024!2i768!4f13.1!3m3!1m2!1s0x4706d2db0d44892b%3A0xbb4a2d0236cf89f9!2sParafia%20Matki%20Bo%C5%BCej%20Szkaplerznej%20w%20Bierzwniku!5e0!3m2!1spl!2spl!4v1649606351295!5m2!1spl!2spl\" width=\"800\" height=\"600\" allowfullscreen=\"allowfullscreen\"><\/iframe><\/p>\n","protected":false},"excerpt":{"rendered":"<div class=\"mh-excerpt\"><p>Parafia Rzymskokatolickapw. Matki Bo\u017cej Szkaplerznej w Bierzwniku ul. Cysters\u00f3w 1 73-240 Bierzwnik proboszcz: ks. kanonik S\u0142awomir Mazurkiewicztel.: 95 768 00 32tel. kom.: 668 599 998email: <a class=\"mh-excerpt-more\" href=\"https:\/\/parafiabierzwnik.pl\/?page_id=91\" title=\"Kontakt\">[&#8230;]<\/a><\/p>\n<\/div>","protected":false},"author":1,"featured_media":2151,"parent":0,"menu_order":0,"comment_status":"closed","ping_status":"closed","template":"","meta":{"_monsterinsights_skip_tracking":false,"_monsterinsights_sitenote_active":false,"_monsterinsights_sitenote_note":"","_monsterinsights_sitenote_category":0,"footnotes":""},"folder":[22],"class_list":["post-91","page","type-page","status-publish","has-post-thumbnail","hentry"],"_links":{"self":[{"href":"https:\/\/parafiabierzwnik.pl\/index.php?rest_route=\/wp\/v2\/pages\/91","targetHints":{"allow":["GET"]}}],"collection":[{"href":"https:\/\/parafiabierzwnik.pl\/index.php?rest_route=\/wp\/v2\/pages"}],"about":[{"href":"https:\/\/parafiabierzwnik.pl\/index.php?rest_route=\/wp\/v2\/types\/page"}],"author":[{"embeddable":true,"href":"https:\/\/parafiabierzwnik.pl\/index.php?rest_route=\/wp\/v2\/users\/1"}],"replies":[{"embeddable":true,"href":"https:\/\/parafiabierzwnik.pl\/index.php?rest_route=%2Fwp%2Fv2%2Fcomments&post=91"}],"version-history":[{"count":10,"href":"https:\/\/parafiabierzwnik.pl\/index.php?rest_route=\/wp\/v2\/pages\/91\/revisions"}],"predecessor-version":[{"id":3969,"href":"https:\/\/parafiabierzwnik.pl\/index.php?rest_route=\/wp\/v2\/pages\/91\/revisions\/3969"}],"wp:featuredmedia":[{"embeddable":true,"href":"https:\/\/parafiabierzwnik.pl\/index.php?rest_route=\/wp\/v2\/media\/2151"}],"wp:attachment":[{"href":"https:\/\/parafiabierzwnik.pl\/index.php?rest_route=%2Fwp%2Fv2%2Fmedia&parent=91"}],"wp:term":[{"taxonomy":"folder","embeddable":true,"href":"https:\/\/parafiabierzwnik.pl\/index.php?rest_route=%2Fwp%2Fv2%2Ffolder&post=91"}],"curies":[{"name":"wp","href":"https:\/\/api.w.org\/{rel}","templated":true}]}}