{"id":73,"date":"2023-04-01T13:45:00","date_gmt":"2023-04-01T11:45:00","guid":{"rendered":"https:\/\/parafiabierzwnik.pl\/?page_id=73"},"modified":"2026-08-25T11:27:54","modified_gmt":"2026-08-25T09:27:54","slug":"o-parafii","status":"publish","type":"page","link":"https:\/\/parafiabierzwnik.pl\/?page_id=73","title":{"rendered":"O Parafii"},"content":{"rendered":"<div class=\"wp-block-image\">\n<figure class=\"aligncenter size-full\"><img loading=\"lazy\" decoding=\"async\" width=\"290\" height=\"199\" src=\"https:\/\/parafiabierzwnik.pl\/wp-content\/uploads\/2026\/06\/parafia.jpg\" alt=\"\" class=\"wp-image-2917\"\/><\/figure>\n<\/div>\n\n\n<p class=\"wp-block-paragraph\">Siedzib\u0105 naszej parafii jest dawny ko\u015bci\u00f3\u0142 i klasztor cysters\u00f3w, znajduj\u0105cy si\u0119 w miejscowo\u015bci Bierzwnik, w powiecie choszcze\u0144skim, wojew\u00f3dztwie zachodniopomorskim.<\/p>\n\n\n\n<p class=\"wp-block-paragraph\">Parafia nale\u017cy do dekanatu Drawno, archidiecezji szczeci\u0144sko-kamie\u0144skiej, metropolii szczeci\u0144sko-kamie\u0144skiej.<sup><\/sup> Prowadz\u0105 j\u0105 ksi\u0119\u017ca archidiecezjalni.<\/p>\n\n\n\n<p class=\"wp-block-paragraph\">Parafia w Bierzwniku powsta\u0142a 2 lipca 1957 r. Wcze\u015bniej tereny te nale\u017ca\u0142y do parafii Bre\u0144.<br>Na przestrzeni lat pracowali tu kap\u0142ani: J\u00f3zef Janicki (1957-1967), ks. Eugeniusz Mackiewicz (1967-1971), ks. Zbigniew Nijaki (1971-1986), ks. Eugeniusz Urba\u0144ski (1986-1988), Zygmunt Kraszewski (1988 \u2013 2021).<br>Od 1.06.2021 roku proboszczem jest ks. kanonik S\u0142awomir Mazurkiewicz.<\/p>\n\n\n\n<p class=\"wp-block-paragraph\"><strong>Ko\u015bcio\u0142y filialne:<\/strong>&nbsp;<\/p>\n\n\n\n<ul class=\"wp-block-list\">\n<li>G\u00f3rzno \u2013 pw. \u015awi\u0119tych Aposto\u0142\u00f3w Piotra i Paw\u0142a<\/li>\n\n\n\n<li>Kolsk \u2013 pw. Matki Bo\u017cej Anielskiej<\/li>\n<\/ul>\n\n\n\n<p class=\"wp-block-paragraph\"><strong>Wsp\u00f3lnoty:<\/strong><\/p>\n\n\n\n<ul class=\"wp-block-list\">\n<li>Rada Parafialna<\/li>\n\n\n\n<li>\u017bywy R\u00f3\u017caniec (3 R\u00f3\u017ce): R\u00f3\u017ca \u015bw. Rity, R\u00f3\u017ca \u015bw. o. Pio, R\u00f3\u017ca \u015bw. s. Faustyny Kowalskiej<\/li>\n<\/ul>\n","protected":false},"excerpt":{"rendered":"<div class=\"mh-excerpt\"><p>Siedzib\u0105 naszej parafii jest dawny ko\u015bci\u00f3\u0142 i klasztor cysters\u00f3w, znajduj\u0105cy si\u0119 w miejscowo\u015bci Bierzwnik, w powiecie choszcze\u0144skim, wojew\u00f3dztwie zachodniopomorskim. Parafia nale\u017cy do dekanatu Drawno, archidiecezji <a class=\"mh-excerpt-more\" href=\"https:\/\/parafiabierzwnik.pl\/?page_id=73\" title=\"O Parafii\"><\/a><\/p>\n<\/div>","protected":false},"author":1,"featured_media":0,"parent":0,"menu_order":0,"comment_status":"closed","ping_status":"closed","template":"","meta":{"footnotes":""},"folder":[12],"class_list":["post-73","page","type-page","status-publish","hentry"],"_links":{"self":[{"href":"https:\/\/parafiabierzwnik.pl\/index.php?rest_route=\/wp\/v2\/pages\/73","targetHints":{"allow":["GET"]}}],"collection":[{"href":"https:\/\/parafiabierzwnik.pl\/index.php?rest_route=\/wp\/v2\/pages"}],"about":[{"href":"https:\/\/parafiabierzwnik.pl\/index.php?rest_route=\/wp\/v2\/types\/page"}],"author":[{"embeddable":true,"href":"https:\/\/parafiabierzwnik.pl\/index.php?rest_route=\/wp\/v2\/users\/1"}],"replies":[{"embeddable":true,"href":"https:\/\/parafiabierzwnik.pl\/index.php?rest_route=%2Fwp%2Fv2%2Fcomments&post=73"}],"version-history":[{"count":6,"href":"https:\/\/parafiabierzwnik.pl\/index.php?rest_route=\/wp\/v2\/pages\/73\/revisions"}],"predecessor-version":[{"id":3705,"href":"https:\/\/parafiabierzwnik.pl\/index.php?rest_route=\/wp\/v2\/pages\/73\/revisions\/3705"}],"wp:attachment":[{"href":"https:\/\/parafiabierzwnik.pl\/index.php?rest_route=%2Fwp%2Fv2%2Fmedia&parent=73"}],"wp:term":[{"taxonomy":"folder","embeddable":true,"href":"https:\/\/parafiabierzwnik.pl\/index.php?rest_route=%2Fwp%2Fv2%2Ffolder&post=73"}],"curies":[{"name":"wp","href":"https:\/\/api.w.org\/{rel}","templated":true}]}}

<div class="wp-block-image">
<figure class="aligncenter size-full"><img loading="lazy" decoding="async" width="290" height="199" src="https://parafiabierzwnik.pl/wp-content/uploads/2026/06/parafia.jpg" alt="" class="wp-image-2917"/></figure>
</div>


<p class="wp-block-paragraph">Siedzibą naszej parafii jest dawny kościół i klasztor cystersów, znajdujący się w miejscowości Bierzwnik, w powiecie choszczeńskim, województwie zachodniopomorskim.</p>



<p class="wp-block-paragraph">Parafia należy do dekanatu Drawno, archidiecezji szczecińsko-kamieńskiej, metropolii szczecińsko-kamieńskiej.<sup></sup> Prowadzą ją księża archidiecezjalni.</p>



<p class="wp-block-paragraph">Parafia w Bierzwniku powstała 2 lipca 1957 r. Wcześniej tereny te należały do parafii Breń.<br>Na przestrzeni lat pracowali tu kapłani: Józef Janicki (1957-1967), ks. Eugeniusz Mackiewicz (1967-1971), ks. Zbigniew Nijaki (1971-1986), ks. Eugeniusz Urbański (1986-1988), Zygmunt Kraszewski (1988 – 2021).<br>Od 1.06.2021 roku proboszczem jest ks. kanonik Sławomir Mazurkiewicz.</p>



<p class="wp-block-paragraph"><strong>Kościoły filialne:</strong>&nbsp;</p>



<ul class="wp-block-list">
<li>Górzno – pw. Świętych Apostołów Piotra i Pawła</li>



<li>Kolsk – pw. Matki Bożej Anielskiej</li>
</ul>



<p class="wp-block-paragraph"><strong>Wspólnoty:</strong></p>



<ul class="wp-block-list">
<li>Rada Parafialna</li>



<li>Żywy Różaniec (3 Róże): Róża św. Rity, Róża św. o. Pio, Róża św. s. Faustyny Kowalskiej</li>
</ul>

<div class="mh-excerpt"><p>Siedzibą naszej parafii jest dawny kościół i klasztor cystersów, znajdujący się w miejscowości Bierzwnik, w powiecie choszczeńskim, województwie zachodniopomorskim. Parafia należy do dekanatu Drawno, archidiecezji <a class="mh-excerpt-more" href="https://parafiabierzwnik.pl/?page_id=73" title="O Parafii"></a></p>
</div>
