{"id":7226,"date":"2024-08-10T13:24:35","date_gmt":"2024-08-10T11:24:35","guid":{"rendered":"https:\/\/parafiabierzwnik.pl\/?page_id=7226"},"modified":"2025-06-26T14:47:33","modified_gmt":"2025-06-26T12:47:33","slug":"rok-liturgiczny","status":"publish","type":"page","link":"https:\/\/parafiabierzwnik.pl\/?page_id=7226","title":{"rendered":"Rok liturgiczny"},"content":{"rendered":"\n<p align=\"justify\"><img loading=\"lazy\" decoding=\"async\" class=\"size-full wp-image-4050 aligncenter\" src=\"https:\/\/parafiabierzwnik.pl\/wp-content\/uploads\/2023\/08\/rok_liturgiczny.png\" alt=\"\" width=\"498\" height=\"544\" \/><\/p>\n<p align=\"justify\"><span style=\"font-size: 12pt; font-family: tahoma, arial, helvetica, sans-serif;\"><strong>Adwent<\/strong>\u00a0&#8211; rozpoczyna si\u0119 od 4 niedzieli przed Bo\u017cym Narodzeniem i trwa do Wigilii.<\/span><\/p>\n<p align=\"justify\"><span style=\"font-size: 12pt; font-family: tahoma, arial, helvetica, sans-serif;\"><strong>Bo\u017ce Narodzenie<\/strong>\u00a0&#8211; trwa od Bo\u017cego Narodzenia do Niedzieli Chrztu Pa\u0144skiego. Ze wzgl\u0119dy na tradycje Kolendy \u015bpiewa si\u0119 do 2.lutego.<\/span><br \/><span style=\"font-size: 12pt; font-family: tahoma, arial, helvetica, sans-serif;\">\u015awi\u0119ta i uroczysto\u015bci w okresie Bo\u017cego Narodzenia:<\/span><br \/><span style=\"font-size: 12pt; font-family: tahoma, arial, helvetica, sans-serif;\">*\u00a025.12 &#8211; Uroczysto\u015b\u0107 Urodzenia Pa\u0144skiego,<\/span><br \/><span style=\"font-size: 12pt; font-family: tahoma, arial, helvetica, sans-serif;\">*\u00a026.12 &#8211; Szczepana M\u0119czennika,<\/span><br \/><span style=\"font-size: 12pt; font-family: tahoma, arial, helvetica, sans-serif;\">*\u00a027.12 &#8211; \u015aw. Jana Aposto\u0142a,<\/span><br \/><span style=\"font-size: 12pt; font-family: tahoma, arial, helvetica, sans-serif;\">*\u00a028.12 &#8211; \u015bwi\u0119to M\u0142odziank\u00f3w M\u0119czennik\u00f3w,<\/span><br \/><span style=\"font-size: 12pt; font-family: tahoma, arial, helvetica, sans-serif;\">*\u00a01.01 &#8211; Uroczysto\u015b\u0107 \u015bw. Bo\u017cej Rodzicielki,<\/span><br \/><span style=\"font-size: 12pt; font-family: tahoma, arial, helvetica, sans-serif;\">*\u00a06.01 &#8211; Uroczysto\u015b\u0107 Objawienia Pa\u0144skiego (Trzech Kr\u00f3li),<\/span><br \/><span style=\"font-size: 12pt; font-family: tahoma, arial, helvetica, sans-serif;\">*\u00a0niedziela po 6.01 &#8211; Chrzest Pa\u0144ski.<\/span><\/p>\n<p align=\"justify\"><span style=\"font-size: 12pt; font-family: tahoma, arial, helvetica, sans-serif;\"><strong>Okres zwyk\u0142y<\/strong>\u00a0&#8211; W ci\u0105gu roku trwa od 6 do 9 tygodni. Zaczyna si\u0119 od niedzieli Chrztu Pa\u0144skiego, a trwa do wtorku przed \u015brod\u0105 Popielcow\u0105. <br \/>\u015awi\u0119ta i uroczysto\u015bci okresu zwyk\u0142ego:<\/span><br \/><span style=\"font-size: 12pt; font-family: tahoma, arial, helvetica, sans-serif;\">*\u00a025.01 &#8211; nawr\u00f3cenie \u015bw. Paw\u0142a,<\/span><br \/><span style=\"font-size: 12pt; font-family: tahoma, arial, helvetica, sans-serif;\">*\u00a02.02 &#8211; \u015bwi\u0119to Ofiarowania Pa\u0144skiego (Matki Bo\u017cej Gromnicznej).<\/span><\/p>\n<p align=\"justify\"><span style=\"font-size: 12pt; font-family: tahoma, arial, helvetica, sans-serif;\"><strong>Wielki Post<\/strong>\u00a0trwa 40 dni zaczyna si\u0119 \u015arod\u0105 Popielcow\u0105, a ko\u0144czy si\u0119 w Wielk\u0105 Sobot\u0119.<\/span><br \/><span style=\"font-size: 12pt; font-family: tahoma, arial, helvetica, sans-serif;\">\u015awi\u0119ta i uroczysto\u015bci W Wielkim Po\u015bcie:<\/span><br \/><span style=\"font-size: 12pt; font-family: tahoma, arial, helvetica, sans-serif;\">*\u00a019.03 \u015bw. J\u00f3zefa,<\/span><br \/><span style=\"font-size: 12pt; font-family: tahoma, arial, helvetica, sans-serif;\">*\u00a025.03 Uroczysto\u015b\u0107 Zwiastowania NMP,<\/span><br \/><span style=\"font-size: 12pt; font-family: tahoma, arial, helvetica, sans-serif;\">*\u00a06 niedziela Wielkiego Postu &#8211; Niedziela Palmowa.<\/span><\/p>\n<p align=\"justify\"><span style=\"font-size: 12pt; font-family: tahoma, arial, helvetica, sans-serif;\"><strong>Tridum Paschalne<\/strong>:<\/span><br \/><span style=\"font-size: 12pt; font-family: tahoma, arial, helvetica, sans-serif;\">*\u00a0Wielki Czwartek &#8211; ustanowienie Eucharystii i sakramentu Kap\u0142a\u0144stwa,<\/span><br \/><span style=\"font-size: 12pt; font-family: tahoma, arial, helvetica, sans-serif;\">*\u00a0Wielki Pi\u0105tek &#8211; m\u0119ka i \u015bmier\u0107 Chrystusa,<\/span><br \/><span style=\"font-size: 12pt; font-family: tahoma, arial, helvetica, sans-serif;\">*\u00a0Wielka Sobota &#8211; Wigilia Paschalna.<\/span><\/p>\n<p align=\"justify\"><span style=\"font-size: 12pt; font-family: tahoma, arial, helvetica, sans-serif;\"><strong>Okres Wielkanocny<\/strong>\u00a0trwa 50 dni do Zes\u0142ania Ducha \u015awi\u0119tego.<\/span><br \/><span style=\"font-size: 12pt; font-family: tahoma, arial, helvetica, sans-serif;\">\u015awi\u0119ta i uroczysto\u015bci okresu Wielkanocnego:<\/span><br \/><span style=\"font-size: 12pt; font-family: tahoma, arial, helvetica, sans-serif;\">*\u00a0Zmartwychwstanie Jezusa,<\/span><br \/><span style=\"font-size: 12pt; font-family: tahoma, arial, helvetica, sans-serif;\">*\u00a0\u015awi\u0119to Bo\u017cego Mi\u0142osierdzia II niedziela wielkanocna,<\/span><br \/><span style=\"font-size: 12pt; font-family: tahoma, arial, helvetica, sans-serif;\">*\u00a03.05 &#8211; uroczysto\u015b\u0107 NMP Kr\u00f3lowy Polski,<\/span><br \/><span style=\"font-size: 12pt; font-family: tahoma, arial, helvetica, sans-serif;\">*\u00a07 niedziela po Wielkanocy &#8211; Wniebowst\u0105pienie Jezusa,<\/span><br \/><span style=\"font-size: 12pt; font-family: tahoma, arial, helvetica, sans-serif;\">*\u00a050 dni po Wielkanocy &#8211; Uroczysto\u015b\u0107 Zes\u0142ania Ducha \u015awi\u0119tego.<\/span><\/p>\n<p align=\"justify\"><span style=\"font-size: 12pt; font-family: tahoma, arial, helvetica, sans-serif;\"><strong>Okres zwyk\u0142y<\/strong>\u00a0cd. trwa od 25 do 28 tygodni. Zaczyna si\u0119 w poniedzia\u0142ek, a ko\u0144czy w sobot\u0119 przed pierwsz\u0105 Niedziel\u0105 Adwentu.<\/span><br \/><span style=\"font-size: 12pt; font-family: tahoma, arial, helvetica, sans-serif;\">\u015awi\u0119ta i uroczysto\u015bci okresu zwyk\u0142ego:<\/span><br \/><span style=\"font-size: 12pt; font-family: tahoma, arial, helvetica, sans-serif;\">*\u00a0poniedzia\u0142ek po Zes\u0142aniu Ducha \u015awi\u0119tego \u015bwi\u0119to Naj\u015bwi\u0119tszej Marii Panny Matki Ko\u015bcio\u0142a,<\/span><br \/><span style=\"font-size: 12pt; font-family: tahoma, arial, helvetica, sans-serif;\">*\u00a0niedziela po Zes\u0142aniu Ducha \u015awi\u0119tego Tr\u00f3jcy \u015awi\u0119tej,<\/span><br \/><span style=\"font-size: 12pt; font-family: tahoma, arial, helvetica, sans-serif;\">*\u00a0w czwartek po niedzieli Tr\u00f3jcy \u015awi\u0119tej Bo\u017ce Cia\u0142o,<\/span><br \/><span style=\"font-size: 12pt; font-family: tahoma, arial, helvetica, sans-serif;\">*\u00a029.06 &#8211; Piotra i Paw\u0142a,<\/span><br \/><span style=\"font-size: 12pt; font-family: tahoma, arial, helvetica, sans-serif;\">*\u00a07.08 Przemienienie Pa\u0144skie,<\/span><br \/><span style=\"font-size: 12pt; font-family: tahoma, arial, helvetica, sans-serif;\">*\u00a015.08 &#8211; Uroczysto\u015b\u0107 Wniebowzi\u0119cia Naj\u015bwi\u0119tszej Maryi Panny,<\/span><br \/><span style=\"font-size: 12pt; font-family: tahoma, arial, helvetica, sans-serif;\">*\u00a017.08 &#8211; \u015aw. Jacka,<\/span><br \/><span style=\"font-size: 12pt; font-family: tahoma, arial, helvetica, sans-serif;\">*\u00a026.08- Matki Bo\u017cej Cz\u0119stochowskiej,<\/span><br \/><span style=\"font-size: 12pt; font-family: tahoma, arial, helvetica, sans-serif;\">*\u00a08.09- \u015aw. Narodzenia Naj\u015bwi\u0119tszej Maryi Panny,<\/span><br \/><span style=\"font-size: 12pt; font-family: tahoma, arial, helvetica, sans-serif;\">*\u00a014.09- Podwy\u017cszenie Krzy\u017ca \u015awi\u0119tego,<\/span><br \/><span style=\"font-size: 12pt; font-family: tahoma, arial, helvetica, sans-serif;\">*\u00a015.09 &#8211; Matki Bo\u017cej Bolesnej,<\/span><br \/><span style=\"font-size: 12pt; font-family: tahoma, arial, helvetica, sans-serif;\">*\u00a01.10 &#8211; Uroczysto\u015b\u0107 Wszystkich \u015awi\u0119tych,<\/span><br \/><span style=\"font-size: 12pt; font-family: tahoma, arial, helvetica, sans-serif;\">*\u00a034 niedziela zwyk\u0142a &#8211; uroczysto\u015b\u0107 Chrystusa Kr\u00f3la.<\/span><\/p>\n","protected":false},"excerpt":{"rendered":"<div class=\"mh-excerpt\"><p>Adwent\u00a0&#8211; rozpoczyna si\u0119 od 4 niedzieli przed Bo\u017cym Narodzeniem i trwa do Wigilii. Bo\u017ce Narodzenie\u00a0&#8211; trwa od Bo\u017cego Narodzenia do Niedzieli Chrztu Pa\u0144skiego. Ze wzgl\u0119dy <a class=\"mh-excerpt-more\" href=\"https:\/\/parafiabierzwnik.pl\/?page_id=7226\" title=\"Rok liturgiczny\">[&#8230;]<\/a><\/p>\n<\/div>","protected":false},"author":1,"featured_media":2144,"parent":0,"menu_order":0,"comment_status":"closed","ping_status":"closed","template":"","meta":{"_monsterinsights_skip_tracking":false,"_monsterinsights_sitenote_active":false,"_monsterinsights_sitenote_note":"","_monsterinsights_sitenote_category":0,"footnotes":""},"folder":[51],"class_list":["post-7226","page","type-page","status-publish","has-post-thumbnail","hentry"],"_links":{"self":[{"href":"https:\/\/parafiabierzwnik.pl\/index.php?rest_route=\/wp\/v2\/pages\/7226","targetHints":{"allow":["GET"]}}],"collection":[{"href":"https:\/\/parafiabierzwnik.pl\/index.php?rest_route=\/wp\/v2\/pages"}],"about":[{"href":"https:\/\/parafiabierzwnik.pl\/index.php?rest_route=\/wp\/v2\/types\/page"}],"author":[{"embeddable":true,"href":"https:\/\/parafiabierzwnik.pl\/index.php?rest_route=\/wp\/v2\/users\/1"}],"replies":[{"embeddable":true,"href":"https:\/\/parafiabierzwnik.pl\/index.php?rest_route=%2Fwp%2Fv2%2Fcomments&post=7226"}],"version-history":[{"count":2,"href":"https:\/\/parafiabierzwnik.pl\/index.php?rest_route=\/wp\/v2\/pages\/7226\/revisions"}],"predecessor-version":[{"id":8367,"href":"https:\/\/parafiabierzwnik.pl\/index.php?rest_route=\/wp\/v2\/pages\/7226\/revisions\/8367"}],"wp:featuredmedia":[{"embeddable":true,"href":"https:\/\/parafiabierzwnik.pl\/index.php?rest_route=\/wp\/v2\/media\/2144"}],"wp:attachment":[{"href":"https:\/\/parafiabierzwnik.pl\/index.php?rest_route=%2Fwp%2Fv2%2Fmedia&parent=7226"}],"wp:term":[{"taxonomy":"folder","embeddable":true,"href":"https:\/\/parafiabierzwnik.pl\/index.php?rest_route=%2Fwp%2Fv2%2Ffolder&post=7226"}],"curies":[{"name":"wp","href":"https:\/\/api.w.org\/{rel}","templated":true}]}}