{"id":6376,"date":"2024-03-29T16:43:54","date_gmt":"2024-03-29T15:43:54","guid":{"rendered":"https:\/\/parafiabierzwnik.pl\/?page_id=6376"},"modified":"2026-01-19T17:19:18","modified_gmt":"2026-01-19T16:19:18","slug":"litania-do-sw-jana-pawla-ii","status":"publish","type":"page","link":"https:\/\/parafiabierzwnik.pl\/?page_id=6376","title":{"rendered":"Litania do \u015bw. Jana Paw\u0142a II"},"content":{"rendered":"\n<p><span style=\"font-family: tahoma, arial, helvetica, sans-serif; font-size: 12pt;\">Kyrie, elejson. Chryste, elejson. Kyrie, elejson.<\/span><br \/><span style=\"font-family: tahoma, arial, helvetica, sans-serif; font-size: 12pt;\">Chryste, us\u0142ysz nas. Chryste, wys\u0142uchaj nas.<\/span><\/p>\n<p><span style=\"font-family: tahoma, arial, helvetica, sans-serif; font-size: 12pt;\">Ojcze z nieba, Bo\u017ce, zmi\u0142uj si\u0119 nad nami.<\/span><br \/><span style=\"font-family: tahoma, arial, helvetica, sans-serif; font-size: 12pt;\">Synu Odkupicielu \u015bwiata, Bo\u017ce, zmi\u0142uj si\u0119 nad nami.<\/span><br \/><span style=\"font-family: tahoma, arial, helvetica, sans-serif; font-size: 12pt;\">Duchu \u015awi\u0119ty, Bo\u017ce, zmi\u0142uj si\u0119 nad nami.<\/span><br \/><span style=\"font-family: tahoma, arial, helvetica, sans-serif; font-size: 12pt;\">\u015awi\u0119ta Tr\u00f3jco, Jedyny Bo\u017ce, zmi\u0142uj si\u0119 nad nami.<\/span><\/p>\n<p><span style=\"font-family: tahoma, arial, helvetica, sans-serif; font-size: 12pt;\">\u015awi\u0119ta Maryjo, m\u00f3dl si\u0119 za nami<\/span><br \/><span style=\"font-family: tahoma, arial, helvetica, sans-serif; font-size: 12pt;\">\u015awi\u0119ty Janie Pawle, m\u00f3dl si\u0119 za nami<\/span><br \/><span style=\"font-family: tahoma, arial, helvetica, sans-serif; font-size: 12pt;\">Zanurzony w Ojcu, bogatym w mi\u0142osierdzie, m\u00f3dl si\u0119 za nami<\/span><br \/><span style=\"font-family: tahoma, arial, helvetica, sans-serif; font-size: 12pt;\">Zjednoczony z Chrystusem, Odkupicielem cz\u0142owieka, m\u00f3dl si\u0119 za nami<\/span><br \/><span style=\"font-family: tahoma, arial, helvetica, sans-serif; font-size: 12pt;\">Nape\u0142niony Duchem \u015awi\u0119tym, Panem i O\u017cywicielem, m\u00f3dl si\u0119 za nami<\/span><br \/><span style=\"font-family: tahoma, arial, helvetica, sans-serif; font-size: 12pt;\">Ca\u0142kowicie oddany Maryi i przyodziany Jej szkaplerzem, m\u00f3dl si\u0119 za nami<\/span><br \/><span style=\"font-family: tahoma, arial, helvetica, sans-serif; font-size: 12pt;\">Przyjacielu \u015awi\u0119tych i B\u0142ogos\u0142awionych, m\u00f3dl si\u0119 za nami<\/span><br \/><span style=\"font-family: tahoma, arial, helvetica, sans-serif; font-size: 12pt;\">Nast\u0119pco Piotra i S\u0142ugo s\u0142ug Bo\u017cych, m\u00f3dl si\u0119 za nami<\/span><br \/><span style=\"font-family: tahoma, arial, helvetica, sans-serif; font-size: 12pt;\">Str\u00f3\u017cu Ko\u015bcio\u0142a nauczaj\u0105cy prawd wiary, m\u00f3dl si\u0119 za nami<\/span><br \/><span style=\"font-family: tahoma, arial, helvetica, sans-serif; font-size: 12pt;\">Ojcze Soboru i wykonawco jego wskaza\u0144, m\u00f3dl si\u0119 za nami<\/span><br \/><span style=\"font-family: tahoma, arial, helvetica, sans-serif; font-size: 12pt;\">Umacniaj\u0105cy jedno\u015b\u0107 chrze\u015bcijan i ca\u0142ej rodziny ludzkiej, m\u00f3dl si\u0119 za nami<\/span><br \/><span style=\"font-family: tahoma, arial, helvetica, sans-serif; font-size: 12pt;\">Gorliwy Mi\u0142o\u015bniku Eucharystii, m\u00f3dl si\u0119 za nami<\/span><br \/><span style=\"font-family: tahoma, arial, helvetica, sans-serif; font-size: 12pt;\">Niestrudzony Pielgrzymie tej ziemi, m\u00f3dl si\u0119 za nami<\/span><br \/><span style=\"font-family: tahoma, arial, helvetica, sans-serif; font-size: 12pt;\">Misjonarzu wszystkich narod\u00f3w, m\u00f3dl si\u0119 za nami<\/span><br \/><span style=\"font-family: tahoma, arial, helvetica, sans-serif; font-size: 12pt;\">\u015awiadku wiary, nadziei i mi\u0142o\u015bci, m\u00f3dl si\u0119 za nami<\/span><br \/><span style=\"font-family: tahoma, arial, helvetica, sans-serif; font-size: 12pt;\">Wytrwa\u0142y Uczestniku cierpie\u0144 Chrystusowych, m\u00f3dl si\u0119 za nami<\/span><br \/><span style=\"font-family: tahoma, arial, helvetica, sans-serif; font-size: 12pt;\">Apostole pojednania i pokoju, m\u00f3dl si\u0119 za nami<\/span><br \/><span style=\"font-family: tahoma, arial, helvetica, sans-serif; font-size: 12pt;\">Promotorze cywilizacji mi\u0142o\u015bci, m\u00f3dl si\u0119 za nami<\/span><br \/><span style=\"font-family: tahoma, arial, helvetica, sans-serif; font-size: 12pt;\">G\u0142osicielu Nowej Ewangelizacji, m\u00f3dl si\u0119 za nami<\/span><br \/><span style=\"font-family: tahoma, arial, helvetica, sans-serif; font-size: 12pt;\">Mistrzu wzywaj\u0105cy do wyp\u0142yni\u0119cia na g\u0142\u0119bi\u0119, m\u00f3dl si\u0119 za nami<\/span><br \/><span style=\"font-family: tahoma, arial, helvetica, sans-serif; font-size: 12pt;\">Nauczycielu ukazuj\u0105cy \u015bwi\u0119to\u015b\u0107 jako miar\u0119 \u017cycia, m\u00f3dl si\u0119 za nami<\/span><br \/><span style=\"font-family: tahoma, arial, helvetica, sans-serif; font-size: 12pt;\">Papie\u017cu Bo\u017cego Mi\u0142osierdzia, m\u00f3dl si\u0119 za nami<\/span><br \/><span style=\"font-family: tahoma, arial, helvetica, sans-serif; font-size: 12pt;\">Kap\u0142anie gromadz\u0105cy Ko\u015bci\u00f3\u0142 na sk\u0142adanie ofiary, m\u00f3dl si\u0119 za nami<\/span><br \/><span style=\"font-family: tahoma, arial, helvetica, sans-serif; font-size: 12pt;\">Pasterzu prowadz\u0105cy owczarni\u0119 do nieba, m\u00f3dl si\u0119 za nami<\/span><br \/><span style=\"font-family: tahoma, arial, helvetica, sans-serif; font-size: 12pt;\">Bracie i Mistrzu kap\u0142an\u00f3w, m\u00f3dl si\u0119 za nami<\/span><br \/><span style=\"font-family: tahoma, arial, helvetica, sans-serif; font-size: 12pt;\">Ojcze os\u00f3b konsekrowanych, m\u00f3dl si\u0119 za nami<\/span><br \/><span style=\"font-family: tahoma, arial, helvetica, sans-serif; font-size: 12pt;\">Patronie rodzin chrze\u015bcija\u0144skich, m\u00f3dl si\u0119 za nami<\/span><br \/><span style=\"font-family: tahoma, arial, helvetica, sans-serif; font-size: 12pt;\">Umocnienie ma\u0142\u017conk\u00f3w, m\u00f3dl si\u0119 za nami<\/span><br \/><span style=\"font-family: tahoma, arial, helvetica, sans-serif; font-size: 12pt;\">Obro\u0144co nienarodzonych, m\u00f3dl si\u0119 za nami<\/span><br \/><span style=\"font-family: tahoma, arial, helvetica, sans-serif; font-size: 12pt;\">Opiekunie dzieci, sierot i opuszczonych, m\u00f3dl si\u0119 za nami<\/span><br \/><span style=\"font-family: tahoma, arial, helvetica, sans-serif; font-size: 12pt;\">Przyjacielu i Wychowawco m\u0142odzie\u017cy, m\u00f3dl si\u0119 za nami<\/span><br \/><span style=\"font-family: tahoma, arial, helvetica, sans-serif; font-size: 12pt;\">Dobry Samarytaninie dla cierpi\u0105cych, m\u00f3dl si\u0119 za nami<\/span><br \/><span style=\"font-family: tahoma, arial, helvetica, sans-serif; font-size: 12pt;\">Wsparcie dla ludzi starszych i samotnych, m\u00f3dl si\u0119 za nami<\/span><br \/><span style=\"font-family: tahoma, arial, helvetica, sans-serif; font-size: 12pt;\">G\u0142osicielu prawdy o godno\u015bci cz\u0142owieka, m\u00f3dl si\u0119 za nami<\/span><br \/><span style=\"font-family: tahoma, arial, helvetica, sans-serif; font-size: 12pt;\">M\u0119\u017cu modlitwy zanurzony w Bogu, m\u00f3dl si\u0119 za nami<\/span><br \/><span style=\"font-family: tahoma, arial, helvetica, sans-serif; font-size: 12pt;\">Mi\u0142o\u015bniku liturgii sprawuj\u0105cy Ofiar\u0119 na o\u0142tarzach \u015bwiata, m\u00f3dl si\u0119 za nami<\/span><br \/><span style=\"font-family: tahoma, arial, helvetica, sans-serif; font-size: 12pt;\">Uosobienie pracowito\u015bci, m\u00f3dl si\u0119 za nami<\/span><br \/><span style=\"font-family: tahoma, arial, helvetica, sans-serif; font-size: 12pt;\">Zakochany w krzy\u017cu Chrystusa, m\u00f3dl si\u0119 za nami<\/span><br \/><span style=\"font-family: tahoma, arial, helvetica, sans-serif; font-size: 12pt;\">Przyk\u0142adnie realizuj\u0105cy powo\u0142anie, m\u00f3dl si\u0119 za nami<\/span><br \/><span style=\"font-family: tahoma, arial, helvetica, sans-serif; font-size: 12pt;\">Wytrwa\u0142y w cierpieniu, m\u00f3dl si\u0119 za nami<\/span><br \/><span style=\"font-family: tahoma, arial, helvetica, sans-serif; font-size: 12pt;\">Wzorze \u017cycia i umierania dla Pana, m\u00f3dl si\u0119 za nami<\/span><br \/><span style=\"font-family: tahoma, arial, helvetica, sans-serif; font-size: 12pt;\">Upominaj\u0105cy grzesznik\u00f3w, m\u00f3dl si\u0119 za nami<\/span><br \/><span style=\"font-family: tahoma, arial, helvetica, sans-serif; font-size: 12pt;\">Wskazuj\u0105cy drog\u0119 b\u0142\u0105dz\u0105cym, m\u00f3dl si\u0119 za nami<\/span><br \/><span style=\"font-family: tahoma, arial, helvetica, sans-serif; font-size: 12pt;\">Przebaczaj\u0105cy krzywdzicielom, m\u00f3dl si\u0119 za nami<\/span><br \/><span style=\"font-family: tahoma, arial, helvetica, sans-serif; font-size: 12pt;\">Szanuj\u0105cy przeciwnik\u00f3w i prze\u015bladowc\u00f3w, m\u00f3dl si\u0119 za nami<\/span><br \/><span style=\"font-family: tahoma, arial, helvetica, sans-serif; font-size: 12pt;\">Rzeczniku i obro\u0144co prze\u015bladowanych, m\u00f3dl si\u0119 za nami<\/span><br \/><span style=\"font-family: tahoma, arial, helvetica, sans-serif; font-size: 12pt;\">Wspieraj\u0105cy bezrobotnych, m\u00f3dl si\u0119 za nami<\/span><br \/><span style=\"font-family: tahoma, arial, helvetica, sans-serif; font-size: 12pt;\">Zatroskany o bezdomnych, m\u00f3dl si\u0119 za nami<\/span><br \/><span style=\"font-family: tahoma, arial, helvetica, sans-serif; font-size: 12pt;\">Odwiedzaj\u0105cy wi\u0119\u017ani\u00f3w, m\u00f3dl si\u0119 za nami<\/span><br \/><span style=\"font-family: tahoma, arial, helvetica, sans-serif; font-size: 12pt;\">Umacniaj\u0105cy s\u0142abych, m\u00f3dl si\u0119 za nami<\/span><br \/><span style=\"font-family: tahoma, arial, helvetica, sans-serif; font-size: 12pt;\">Ucz\u0105cy wszystkich solidarno\u015bci, m\u00f3dl si\u0119 za nami<\/span><\/p>\n<p><span style=\"font-family: tahoma, arial, helvetica, sans-serif; font-size: 12pt;\">Baranku Bo\u017cy, kt\u00f3ry g\u0142adzisz grzechy \u015bwiata, przepu\u015b\u0107 nam, Panie.<\/span><br \/><span style=\"font-family: tahoma, arial, helvetica, sans-serif; font-size: 12pt;\">Baranku Bo\u017cy, kt\u00f3ry g\u0142adzisz grzechy \u015bwiata, wys\u0142uchaj nas, Panie.<\/span><br \/><span style=\"font-family: tahoma, arial, helvetica, sans-serif; font-size: 12pt;\">Baranku Bo\u017cy, kt\u00f3ry g\u0142adzisz grzechy \u015bwiata, zmi\u0142uj si\u0119 nad nami.<\/span><\/p>\n<p><span style=\"font-family: tahoma, arial, helvetica, sans-serif; font-size: 12pt;\">M\u00f3dl si\u0119 za nami \u015bwi\u0119ty Janie Pawle.<\/span><br \/><span style=\"font-family: tahoma, arial, helvetica, sans-serif; font-size: 12pt;\">Aby\u015bmy \u017cyciem i s\u0142owem g\u0142osili \u015bwiatu Chrystusa, Odkupiciela cz\u0142owieka.<\/span><\/p>\n<p><span style=\"font-family: tahoma, arial, helvetica, sans-serif; font-size: 12pt;\">Mi\u0142osierny Bo\u017ce, przyjmij nasze dzi\u0119kczynienie za dar apostolskiego \u017cycia i pos\u0142annictwa \u015bwi\u0119tego Jana Paw\u0142a II i za jego wstawiennictwem pom\u00f3\u017c nam wzrasta\u0107 w mi\u0142o\u015bci do Ciebie i odwa\u017cnie g\u0142osi\u0107 mi\u0142o\u015b\u0107 Chrystusa wszystkim ludziom. Przez Chrystusa, Pana naszego.<\/span><br \/><span style=\"font-family: tahoma, arial, helvetica, sans-serif; font-size: 12pt;\">Amen.<\/span><\/p>\n","protected":false},"excerpt":{"rendered":"<div class=\"mh-excerpt\"><p>Kyrie, elejson. Chryste, elejson. Kyrie, elejson.Chryste, us\u0142ysz nas. Chryste, wys\u0142uchaj nas. Ojcze z nieba, Bo\u017ce, zmi\u0142uj si\u0119 nad nami.Synu Odkupicielu \u015bwiata, Bo\u017ce, zmi\u0142uj si\u0119 nad <a class=\"mh-excerpt-more\" href=\"https:\/\/parafiabierzwnik.pl\/?page_id=6376\" title=\"Litania do \u015bw. Jana Paw\u0142a II\">[&#8230;]<\/a><\/p>\n<\/div>","protected":false},"author":1,"featured_media":3466,"parent":0,"menu_order":0,"comment_status":"closed","ping_status":"closed","template":"","meta":{"_monsterinsights_skip_tracking":false,"_monsterinsights_sitenote_active":false,"_monsterinsights_sitenote_note":"","_monsterinsights_sitenote_category":0,"footnotes":""},"folder":[33],"class_list":["post-6376","page","type-page","status-publish","has-post-thumbnail","hentry"],"_links":{"self":[{"href":"https:\/\/parafiabierzwnik.pl\/index.php?rest_route=\/wp\/v2\/pages\/6376","targetHints":{"allow":["GET"]}}],"collection":[{"href":"https:\/\/parafiabierzwnik.pl\/index.php?rest_route=\/wp\/v2\/pages"}],"about":[{"href":"https:\/\/parafiabierzwnik.pl\/index.php?rest_route=\/wp\/v2\/types\/page"}],"author":[{"embeddable":true,"href":"https:\/\/parafiabierzwnik.pl\/index.php?rest_route=\/wp\/v2\/users\/1"}],"replies":[{"embeddable":true,"href":"https:\/\/parafiabierzwnik.pl\/index.php?rest_route=%2Fwp%2Fv2%2Fcomments&post=6376"}],"version-history":[{"count":3,"href":"https:\/\/parafiabierzwnik.pl\/index.php?rest_route=\/wp\/v2\/pages\/6376\/revisions"}],"predecessor-version":[{"id":9009,"href":"https:\/\/parafiabierzwnik.pl\/index.php?rest_route=\/wp\/v2\/pages\/6376\/revisions\/9009"}],"wp:featuredmedia":[{"embeddable":true,"href":"https:\/\/parafiabierzwnik.pl\/index.php?rest_route=\/wp\/v2\/media\/3466"}],"wp:attachment":[{"href":"https:\/\/parafiabierzwnik.pl\/index.php?rest_route=%2Fwp%2Fv2%2Fmedia&parent=6376"}],"wp:term":[{"taxonomy":"folder","embeddable":true,"href":"https:\/\/parafiabierzwnik.pl\/index.php?rest_route=%2Fwp%2Fv2%2Ffolder&post=6376"}],"curies":[{"name":"wp","href":"https:\/\/api.w.org\/{rel}","templated":true}]}}