{"id":497,"date":"2026-06-17T16:54:14","date_gmt":"2026-06-17T14:54:14","guid":{"rendered":"https:\/\/parafiabierzwnik.pl\/?page_id=497"},"modified":"2026-06-24T21:59:22","modified_gmt":"2026-06-24T19:59:22","slug":"galeria","status":"publish","type":"page","link":"https:\/\/parafiabierzwnik.pl\/?page_id=497","title":{"rendered":"Galeria"},"content":{"rendered":"\n<h3 style=\"text-align: center;\"><span style=\"font-family: tahoma, arial, helvetica, sans-serif;\"><img loading=\"lazy\" decoding=\"async\" class=\"size-full wp-image-501 aligncenter\" src=\"https:\/\/parafiabierzwnik.pl\/wp-content\/uploads\/2026\/06\/galeria.jpg\" alt=\"\" width=\"290\" height=\"200\" \/><\/span><\/h3>\n<h3 style=\"text-align: center;\"><span style=\"font-family: tahoma, arial, helvetica, sans-serif;\">Ko\u015bcio\u0142y w parafii<\/span><\/h3>\n<hr \/>\n<p>\u00a0<\/p>\n<p><span style=\"font-family: tahoma, arial, helvetica, sans-serif;\"><a href=\"https:\/\/parafiabierzwnik.pl\/galeria-kosciol-w-bierzwniku\/\" data-rich-text-format-boundary=\"true\">K\u015bci\u00f3\u0142 i klasztor w Bierzwniku<\/a><\/span><\/p>\n<p><span style=\"font-family: tahoma, arial, helvetica, sans-serif;\"><a href=\"https:\/\/parafiabierzwnik.pl\/galeria-kosciol-w-kolsku\/\" data-rich-text-format-boundary=\"true\">Ko\u015bci\u00f3\u0142 w Kolsku<\/a><\/span><\/p>\n<p><span style=\"font-family: tahoma, arial, helvetica, sans-serif;\"><a href=\"https:\/\/parafiabierzwnik.pl\/galeria-kaplica-w-dps-ie-w-kolsku\/\">Kaplica w DPS-ie w Kolsku<\/a><\/span><\/p>\n<p><span style=\"font-family: tahoma, arial, helvetica, sans-serif;\"><a href=\"https:\/\/parafiabierzwnik.pl\/galeria-kosciol-w-gorznie\/\" data-rich-text-format-boundary=\"true\">Ko\u015bci\u00f3\u0142 w G\u00f3rznie<\/a><\/span><\/p>\n<h3 style=\"text-align: center;\"><span style=\"font-family: tahoma, arial, helvetica, sans-serif;\">Wydarzenia<\/span><\/h3>\n<hr \/>\n<p><span style=\"font-family: tahoma, arial, helvetica, sans-serif;\"><a href=\"https:\/\/parafiabierzwnik.pl\/galeria-boze-cialo-bierzwnik-30-05-2024\/\">Bo\u017ce Cia\u0142o &#8211; Bierzwnik &#8211; 30.05.2024<\/a><\/span><\/p>\n<p><span style=\"font-family: tahoma, arial, helvetica, sans-serif;\"><a href=\"https:\/\/parafiabierzwnik.pl\/galeria-orszak-trzech-kroli-6-01-2024\/\">Orszak Trzech Kr\u00f3li &#8211; 6.01.2024<\/a><\/span><\/p>\n<p><span style=\"font-family: tahoma, arial, helvetica, sans-serif;\"><a href=\"https:\/\/parafiabierzwnik.pl\/galeria-dozynki-gminne-w-bierzwniku-czas-radosci-i-podziekowan-2-09-2023\/\">Do\u017cynki Gminne w Bierzwniku &#8211; czas rado\u015bci i podzi\u0119kowa\u0144 &#8211; 2.09.2023<\/a><\/span><\/p>\n<p><span style=\"font-family: tahoma, arial, helvetica, sans-serif;\"><a href=\"https:\/\/parafiabierzwnik.pl\/galeria-nowy-konfesjonal-w-kosciele-w-bierzwniku\/\">Nowy konfesjona\u0142 w ko\u015bciele w Bierzwniku<\/a><\/span><\/p>\n<p><span style=\"font-family: tahoma, arial, helvetica, sans-serif;\"><a href=\"https:\/\/parafiabierzwnik.pl\/galeria-odpust-2023\/\" data-rich-text-format-boundary=\"true\">Odpust parafialny &#8211; 16.07.2023<\/a><\/span><\/p>\n<p><span style=\"font-family: tahoma, arial, helvetica, sans-serif;\"><a href=\"https:\/\/parafiabierzwnik.pl\/galeria-relikwie-sw-jana-pawla-ii\/\" data-rich-text-format-boundary=\"true\">Relikwie \u015bw. Jana Paw\u0142a II<\/a><\/span><\/p>\n<p><span style=\"font-family: tahoma, arial, helvetica, sans-serif;\"><a href=\"https:\/\/parafiabierzwnik.pl\/galeria-nieszpory-20-05-2023\/\">Nieszpory z Ojcami Cystersami i rekreacja przy grillu &#8211; 17.06.2023<\/a><\/span><\/p>\n<p><span style=\"font-family: tahoma, arial, helvetica, sans-serif;\"><a href=\"https:\/\/parafiabierzwnik.pl\/galeria-boze-cialo-2023-bierzwnik\/\" data-rich-text-format-boundary=\"true\">Bo\u017ce Cia\u0142o 2023 &#8211; Bierzwnik &#8211; procesja<\/a><\/span><\/p>\n<p><span style=\"font-family: tahoma, arial, helvetica, sans-serif;\"><a href=\"https:\/\/parafiabierzwnik.pl\/galeria-boze-cialo-2023-kolsk-oltarze\/\" data-rich-text-format-boundary=\"true\">Bo\u017ce Cia\u0142o 2023 &#8211; Kolsk &#8211; o\u0142tarze<\/a><\/span><\/p>\n<p><span style=\"font-family: tahoma, arial, helvetica, sans-serif;\"><a href=\"https:\/\/parafiabierzwnik.pl\/galeria-orszak-trzech-kroli-2023\/\" data-rich-text-format-boundary=\"true\">Orszak Trzech Kr\u00f3li 2023<\/a><\/span><\/p>\n<p><span style=\"font-family: tahoma, arial, helvetica, sans-serif;\"><a href=\"https:\/\/parafiabierzwnik.pl\/bierzmowanie-2022\/\" data-rich-text-format-boundary=\"true\">Bierzmowanie 2022<\/a><\/span><\/p>\n<h3 style=\"text-align: center;\"><span style=\"font-family: tahoma, arial, helvetica, sans-serif;\">Wystr\u00f3j Wielkanocny<\/span><\/h3>\n<hr \/>\n<p><span style=\"font-family: tahoma, arial, helvetica, sans-serif;\"><a href=\"https:\/\/parafiabierzwnik.pl\/galeria-wystroj-wielkanocny-2025-kosciol-w-bierzwniku\/\">Wystr\u00f3j Wielkanocny 2025 &#8211; ko\u015bci\u00f3\u0142 w Bierzwniku<\/a><\/span><\/p>\n<p><span style=\"font-family: tahoma, arial, helvetica, sans-serif;\"><a href=\"https:\/\/parafiabierzwnik.pl\/galeria-wystroj-wielkanocny-2025-kosciol-w-kolsku\/\">Wystr\u00f3j Wielkanocny 2025 &#8211; ko\u015bci\u00f3\u0142 w Kolsku<\/a><\/span><\/p>\n<p><span style=\"font-family: tahoma, arial, helvetica, sans-serif;\"><a href=\"https:\/\/parafiabierzwnik.pl\/gorzno-wystroj-wielkanocny-2025-kosciol-w-gorznie\/\">Wystr\u00f3j Wielkanocny 2025 &#8211; ko\u015bci\u00f3\u0142 w G\u00f3rznie<\/a><\/span><\/p>\n<p><span style=\"font-family: tahoma, arial, helvetica, sans-serif;\"><a href=\"https:\/\/parafiabierzwnik.pl\/galeria-wystroj-wielkanocny-2024-kosciol-w-bierzwniku\/\" data-rich-text-format-boundary=\"true\">Wystr\u00f3j Wielkanocny 2024 &#8211; ko\u015bci\u00f3\u0142 w Bierzwniku<\/a><\/span><\/p>\n<p><span style=\"font-family: tahoma, arial, helvetica, sans-serif;\"><a href=\"https:\/\/parafiabierzwnik.pl\/galeria-wystroj-wielkanocny-2024-kosciol-w-kolsku\/\" data-rich-text-format-boundary=\"true\">Wystr\u00f3j Wielkanocny 2024 &#8211; ko\u015bci\u00f3\u0142 w Kolsku<\/a><\/span><\/p>\n<p><span style=\"font-family: tahoma, arial, helvetica, sans-serif;\"><a href=\"https:\/\/parafiabierzwnik.pl\/galeria-wystroj-wielkanocny-2024-kosciol-w-gorznie\/\" data-rich-text-format-boundary=\"true\">Wystr\u00f3j Wielkanocny 2024 &#8211; ko\u015bci\u00f3\u0142 w G\u00f3rznie<\/a><\/span><\/p>\n<p><span style=\"font-family: tahoma, arial, helvetica, sans-serif;\"><a href=\"https:\/\/parafiabierzwnik.pl\/galeria-wystroj-wielkanocny-2023-kosciol-w-bierzwniku\/\" data-rich-text-format-boundary=\"true\">Wystr\u00f3j Wielkanocny 2023 &#8211; ko\u015bci\u00f3\u0142 w Bierzwniku<\/a><\/span><\/p>\n<p><span style=\"font-family: tahoma, arial, helvetica, sans-serif;\"><a href=\"https:\/\/parafiabierzwnik.pl\/galeria-wystroj-wielkanocny-2023-kosciol-w-kolsku\/\">Wystr\u00f3j Wielkanocny 2023 &#8211; ko\u015bci\u00f3\u0142 w Kolsku<\/a><\/span><\/p>\n<p><span style=\"font-family: tahoma, arial, helvetica, sans-serif;\"><a href=\"https:\/\/parafiabierzwnik.pl\/galeria-wystroj-wielkanocny-2023-kosciol-w-gorznie\/\">Wystr\u00f3j Wielkanocny 2023 &#8211; ko\u015bci\u00f3\u0142 w G\u00f3rznie<\/a><\/span><\/p>\n<h3 style=\"text-align: center;\"><span style=\"font-family: tahoma, arial, helvetica, sans-serif;\">Wystr\u00f3j Bo\u017conarodzeniowy<\/span><\/h3>\n<hr \/>\n<p><span style=\"font-family: tahoma, arial, helvetica, sans-serif;\"><a href=\"https:\/\/parafiabierzwnik.pl\/galeria-wystroj-bozonarodzeniowy-2023-kosciol-i-klasztor-w-bierzwniku\/\">Wystr\u00f3j Bo\u017conarodzeniowy 2023 \u2013 ko\u015bci\u00f3\u0142 i klasztor w Bierzwniku<\/a><\/span><\/p>\n<p><span style=\"font-family: tahoma, arial, helvetica, sans-serif;\"><a href=\"https:\/\/parafiabierzwnik.pl\/galeria-wystroj-bozonarodzeniowy-2023-kosciol-w-kolsku\/\">Wystr\u00f3j Bo\u017conarodzeniowy 2023 \u2013 ko\u015bci\u00f3\u0142 w Kolsku<\/a><\/span><\/p>\n<p><span style=\"font-family: tahoma, arial, helvetica, sans-serif;\"><a href=\"https:\/\/parafiabierzwnik.pl\/galeria-wystroj-bozonarodzeniowy-2023-kosciol-w-gorznie\/\">Wystr\u00f3j Bo\u017conarodzeniowy 2023 &#8211; ko\u015bci\u00f3\u0142 w G\u00f3rznie<\/a><\/span><\/p>\n","protected":false},"excerpt":{"rendered":"<div class=\"mh-excerpt\"><\/div>","protected":false},"author":1,"featured_media":0,"parent":0,"menu_order":0,"comment_status":"closed","ping_status":"closed","template":"","meta":{"footnotes":""},"folder":[27],"class_list":["post-497","page","type-page","status-publish","hentry"],"_links":{"self":[{"href":"https:\/\/parafiabierzwnik.pl\/index.php?rest_route=\/wp\/v2\/pages\/497","targetHints":{"allow":["GET"]}}],"collection":[{"href":"https:\/\/parafiabierzwnik.pl\/index.php?rest_route=\/wp\/v2\/pages"}],"about":[{"href":"https:\/\/parafiabierzwnik.pl\/index.php?rest_route=\/wp\/v2\/types\/page"}],"author":[{"embeddable":true,"href":"https:\/\/parafiabierzwnik.pl\/index.php?rest_route=\/wp\/v2\/users\/1"}],"replies":[{"embeddable":true,"href":"https:\/\/parafiabierzwnik.pl\/index.php?rest_route=%2Fwp%2Fv2%2Fcomments&post=497"}],"version-history":[{"count":40,"href":"https:\/\/parafiabierzwnik.pl\/index.php?rest_route=\/wp\/v2\/pages\/497\/revisions"}],"predecessor-version":[{"id":3235,"href":"https:\/\/parafiabierzwnik.pl\/index.php?rest_route=\/wp\/v2\/pages\/497\/revisions\/3235"}],"wp:attachment":[{"href":"https:\/\/parafiabierzwnik.pl\/index.php?rest_route=%2Fwp%2Fv2%2Fmedia&parent=497"}],"wp:term":[{"taxonomy":"folder","embeddable":true,"href":"https:\/\/parafiabierzwnik.pl\/index.php?rest_route=%2Fwp%2Fv2%2Ffolder&post=497"}],"curies":[{"name":"wp","href":"https:\/\/api.w.org\/{rel}","templated":true}]}}

<h3 style="text-align: center;"><span style="font-family: tahoma, arial, helvetica, sans-serif;"><img loading="lazy" decoding="async" class="size-full wp-image-501 aligncenter" src="https://parafiabierzwnik.pl/wp-content/uploads/2026/06/galeria.jpg" alt="" width="290" height="200" /></span></h3>
<h3 style="text-align: center;"><span style="font-family: tahoma, arial, helvetica, sans-serif;">Kościoły w parafii</span></h3>
<hr />
<p> </p>
<p><span style="font-family: tahoma, arial, helvetica, sans-serif;"><a href="https://parafiabierzwnik.pl/galeria-kosciol-w-bierzwniku/" data-rich-text-format-boundary="true">Kściół i klasztor w Bierzwniku</a></span></p>
<p><span style="font-family: tahoma, arial, helvetica, sans-serif;"><a href="https://parafiabierzwnik.pl/galeria-kosciol-w-kolsku/" data-rich-text-format-boundary="true">Kościół w Kolsku</a></span></p>
<p><span style="font-family: tahoma, arial, helvetica, sans-serif;"><a href="https://parafiabierzwnik.pl/galeria-kaplica-w-dps-ie-w-kolsku/">Kaplica w DPS-ie w Kolsku</a></span></p>
<p><span style="font-family: tahoma, arial, helvetica, sans-serif;"><a href="https://parafiabierzwnik.pl/galeria-kosciol-w-gorznie/" data-rich-text-format-boundary="true">Kościół w Górznie</a></span></p>
<h3 style="text-align: center;"><span style="font-family: tahoma, arial, helvetica, sans-serif;">Wydarzenia</span></h3>
<hr />
<p><span style="font-family: tahoma, arial, helvetica, sans-serif;"><a href="https://parafiabierzwnik.pl/galeria-boze-cialo-bierzwnik-30-05-2024/">Boże Ciało &#8211; Bierzwnik &#8211; 30.05.2024</a></span></p>
<p><span style="font-family: tahoma, arial, helvetica, sans-serif;"><a href="https://parafiabierzwnik.pl/galeria-orszak-trzech-kroli-6-01-2024/">Orszak Trzech Króli &#8211; 6.01.2024</a></span></p>
<p><span style="font-family: tahoma, arial, helvetica, sans-serif;"><a href="https://parafiabierzwnik.pl/galeria-dozynki-gminne-w-bierzwniku-czas-radosci-i-podziekowan-2-09-2023/">Dożynki Gminne w Bierzwniku &#8211; czas radości i podziękowań &#8211; 2.09.2023</a></span></p>
<p><span style="font-family: tahoma, arial, helvetica, sans-serif;"><a href="https://parafiabierzwnik.pl/galeria-nowy-konfesjonal-w-kosciele-w-bierzwniku/">Nowy konfesjonał w kościele w Bierzwniku</a></span></p>
<p><span style="font-family: tahoma, arial, helvetica, sans-serif;"><a href="https://parafiabierzwnik.pl/galeria-odpust-2023/" data-rich-text-format-boundary="true">Odpust parafialny &#8211; 16.07.2023</a></span></p>
<p><span style="font-family: tahoma, arial, helvetica, sans-serif;"><a href="https://parafiabierzwnik.pl/galeria-relikwie-sw-jana-pawla-ii/" data-rich-text-format-boundary="true">Relikwie św. Jana Pawła II</a></span></p>
<p><span style="font-family: tahoma, arial, helvetica, sans-serif;"><a href="https://parafiabierzwnik.pl/galeria-nieszpory-20-05-2023/">Nieszpory z Ojcami Cystersami i rekreacja przy grillu &#8211; 17.06.2023</a></span></p>
<p><span style="font-family: tahoma, arial, helvetica, sans-serif;"><a href="https://parafiabierzwnik.pl/galeria-boze-cialo-2023-bierzwnik/" data-rich-text-format-boundary="true">Boże Ciało 2023 &#8211; Bierzwnik &#8211; procesja</a></span></p>
<p><span style="font-family: tahoma, arial, helvetica, sans-serif;"><a href="https://parafiabierzwnik.pl/galeria-boze-cialo-2023-kolsk-oltarze/" data-rich-text-format-boundary="true">Boże Ciało 2023 &#8211; Kolsk &#8211; ołtarze</a></span></p>
<p><span style="font-family: tahoma, arial, helvetica, sans-serif;"><a href="https://parafiabierzwnik.pl/galeria-orszak-trzech-kroli-2023/" data-rich-text-format-boundary="true">Orszak Trzech Króli 2023</a></span></p>
<p><span style="font-family: tahoma, arial, helvetica, sans-serif;"><a href="https://parafiabierzwnik.pl/bierzmowanie-2022/" data-rich-text-format-boundary="true">Bierzmowanie 2022</a></span></p>
<h3 style="text-align: center;"><span style="font-family: tahoma, arial, helvetica, sans-serif;">Wystrój Wielkanocny</span></h3>
<hr />
<p><span style="font-family: tahoma, arial, helvetica, sans-serif;"><a href="https://parafiabierzwnik.pl/galeria-wystroj-wielkanocny-2025-kosciol-w-bierzwniku/">Wystrój Wielkanocny 2025 &#8211; kościół w Bierzwniku</a></span></p>
<p><span style="font-family: tahoma, arial, helvetica, sans-serif;"><a href="https://parafiabierzwnik.pl/galeria-wystroj-wielkanocny-2025-kosciol-w-kolsku/">Wystrój Wielkanocny 2025 &#8211; kościół w Kolsku</a></span></p>
<p><span style="font-family: tahoma, arial, helvetica, sans-serif;"><a href="https://parafiabierzwnik.pl/gorzno-wystroj-wielkanocny-2025-kosciol-w-gorznie/">Wystrój Wielkanocny 2025 &#8211; kościół w Górznie</a></span></p>
<p><span style="font-family: tahoma, arial, helvetica, sans-serif;"><a href="https://parafiabierzwnik.pl/galeria-wystroj-wielkanocny-2024-kosciol-w-bierzwniku/" data-rich-text-format-boundary="true">Wystrój Wielkanocny 2024 &#8211; kościół w Bierzwniku</a></span></p>
<p><span style="font-family: tahoma, arial, helvetica, sans-serif;"><a href="https://parafiabierzwnik.pl/galeria-wystroj-wielkanocny-2024-kosciol-w-kolsku/" data-rich-text-format-boundary="true">Wystrój Wielkanocny 2024 &#8211; kościół w Kolsku</a></span></p>
<p><span style="font-family: tahoma, arial, helvetica, sans-serif;"><a href="https://parafiabierzwnik.pl/galeria-wystroj-wielkanocny-2024-kosciol-w-gorznie/" data-rich-text-format-boundary="true">Wystrój Wielkanocny 2024 &#8211; kościół w Górznie</a></span></p>
<p><span style="font-family: tahoma, arial, helvetica, sans-serif;"><a href="https://parafiabierzwnik.pl/galeria-wystroj-wielkanocny-2023-kosciol-w-bierzwniku/" data-rich-text-format-boundary="true">Wystrój Wielkanocny 2023 &#8211; kościół w Bierzwniku</a></span></p>
<p><span style="font-family: tahoma, arial, helvetica, sans-serif;"><a href="https://parafiabierzwnik.pl/galeria-wystroj-wielkanocny-2023-kosciol-w-kolsku/">Wystrój Wielkanocny 2023 &#8211; kościół w Kolsku</a></span></p>
<p><span style="font-family: tahoma, arial, helvetica, sans-serif;"><a href="https://parafiabierzwnik.pl/galeria-wystroj-wielkanocny-2023-kosciol-w-gorznie/">Wystrój Wielkanocny 2023 &#8211; kościół w Górznie</a></span></p>
<h3 style="text-align: center;"><span style="font-family: tahoma, arial, helvetica, sans-serif;">Wystrój Bożonarodzeniowy</span></h3>
<hr />
<p><span style="font-family: tahoma, arial, helvetica, sans-serif;"><a href="https://parafiabierzwnik.pl/galeria-wystroj-bozonarodzeniowy-2023-kosciol-i-klasztor-w-bierzwniku/">Wystrój Bożonarodzeniowy 2023 – kościół i klasztor w Bierzwniku</a></span></p>
<p><span style="font-family: tahoma, arial, helvetica, sans-serif;"><a href="https://parafiabierzwnik.pl/galeria-wystroj-bozonarodzeniowy-2023-kosciol-w-kolsku/">Wystrój Bożonarodzeniowy 2023 – kościół w Kolsku</a></span></p>
<p><span style="font-family: tahoma, arial, helvetica, sans-serif;"><a href="https://parafiabierzwnik.pl/galeria-wystroj-bozonarodzeniowy-2023-kosciol-w-gorznie/">Wystrój Bożonarodzeniowy 2023 &#8211; kościół w Górznie</a></span></p>
