{"id":4248,"date":"2023-08-28T13:42:43","date_gmt":"2023-08-28T11:42:43","guid":{"rendered":"https:\/\/parafiabierzwnik.pl\/?page_id=4248"},"modified":"2023-10-06T09:50:32","modified_gmt":"2023-10-06T07:50:32","slug":"rozaniec","status":"publish","type":"page","link":"https:\/\/parafiabierzwnik.pl\/?page_id=4248","title":{"rendered":"R\u00f3\u017caniec"},"content":{"rendered":"<p><span style=\"font-family: tahoma, arial, helvetica, sans-serif;\">Pe\u0142na Modlitwa R\u00f3\u017ca\u0144cowa sk\u0142ada si\u0119 z czterech cz\u0119\u015bci &#8211; czyli czterech ca\u0142ych, fizycznych r\u00f3\u017ca\u0144c\u00f3w.<br \/>\nKa\u017cda za\u015b cz\u0119\u015b\u0107 &#8211; z pi\u0119ciu tajemnic.<br \/>\nModlitwa R\u00f3\u017ca\u0144cowa stanowi swego rodzaju streszczenie Ewangelii; opisuje ona bowiem wydarzenia z \u017cycia Jezusa i Maryi. <\/span><\/p>\n<h3><span style=\"font-family: tahoma, arial, helvetica, sans-serif;\">Jak odmawia\u0107 r\u00f3\u017caniec?<\/span><\/h3>\n<p><span style=\"font-family: tahoma, arial, helvetica, sans-serif;\">Uczy\u0144 znak Krzy\u017ca i odm\u00f3w &#8222;Wierz\u0119 w Boga&#8221;. Nast\u0119pnie jedno &#8222;Ojcze nasz&#8221;, trzy &#8222;Zdrowa\u015b Maryjo&#8221; oraz\u00a0jedno &#8222;Chwa\u0142a Ojcu&#8221;.<br \/>\nPo tym wst\u0119pie przechodzimy do cz\u0119\u015bci g\u0142\u00f3wnej.<br \/>\nWymieniamy pierwsz\u0105 tajemnic\u0119 i odmawiamy &#8222;Ojcze nasz&#8221;, dziesi\u0119\u0107 &#8222;Zdrowa\u015b Maryjo&#8221; i jedno &#8222;Chwa\u0142a Ojcu&#8221;.<br \/>\nWymieniamy drug\u0105 tajemnic\u0119 i odmawiamy &#8222;Ojcze nasz&#8221;, dziesi\u0119\u0107 &#8222;Zdrowa\u015b Maryjo&#8221; i jedno &#8222;Chwa\u0142a Ojcu&#8221;.<br \/>\nI tak kolejno wszystkie pi\u0119\u0107 tajemnic.<\/span><\/p>\n<p><img loading=\"lazy\" decoding=\"async\" class=\"aligncenter wp-image-5091 size-full\" src=\"https:\/\/parafiabierzwnik.pl\/wp-content\/uploads\/2023\/10\/rozaniec-jak-odmawiac.jpg\" alt=\"\" width=\"519\" height=\"348\" \/><\/p>\n<p><span style=\"font-family: tahoma, arial, helvetica, sans-serif;\"><strong>Cz\u0119\u015b\u0107 I &#8211; Tajemnice radosne (poniedzia\u0142ek, sobota)<\/strong><\/span><br \/>\n<span style=\"font-family: tahoma, arial, helvetica, sans-serif;\">\u2022 Zwiastowanie Naj\u015bwi\u0119tszej Maryi Pannie<\/span><br \/>\n<span style=\"font-family: tahoma, arial, helvetica, sans-serif;\">\u2022 Nawiedzenie \u015bwi\u0119tej El\u017cbiety<\/span><br \/>\n<span style=\"font-family: tahoma, arial, helvetica, sans-serif;\">\u2022 Narodzenie Pana Jezusa<\/span><br \/>\n<span style=\"font-family: tahoma, arial, helvetica, sans-serif;\">\u2022 Ofiarowanie Jezusa w \u015awi\u0105tyni<\/span><br \/>\n<span style=\"font-family: tahoma, arial, helvetica, sans-serif;\">\u2022 Odnalezienie Jezusa w \u015awi\u0105tyni<\/span><\/p>\n<p><span style=\"font-family: tahoma, arial, helvetica, sans-serif;\"><strong>Cz\u0119\u015b\u0107 II &#8211; Tajemnice \u015bwiat\u0142a (czwartek)<\/strong><\/span><br \/>\n<span style=\"font-family: tahoma, arial, helvetica, sans-serif;\">\u2022 Chrzest Pana Jezusa w Jordanie<\/span><br \/>\n<span style=\"font-family: tahoma, arial, helvetica, sans-serif;\">\u2022 Objawienie si\u0119 Jezusa w Kanie Galilejskiej<\/span><br \/>\n<span style=\"font-family: tahoma, arial, helvetica, sans-serif;\">\u2022 G\u0142oszenie kr\u00f3lestwa Bo\u017cego i wzywanie do nawr\u00f3cenia<\/span><br \/>\n<span style=\"font-family: tahoma, arial, helvetica, sans-serif;\">\u2022 Przemienienie Pa\u0144skie na g\u00f3rze Tabor<\/span><br \/>\n<span style=\"font-family: tahoma, arial, helvetica, sans-serif;\">\u2022 Ustanowienie Eucharystii<\/span><\/p>\n<p><span style=\"font-family: tahoma, arial, helvetica, sans-serif;\"><strong>Cz\u0119\u015b\u0107 III &#8211; Tajemnice bolesne (wtorek, pi\u0105tek)<\/strong><\/span><br \/>\n<span style=\"font-family: tahoma, arial, helvetica, sans-serif;\">\u2022 Modlitwa Jezusa w Ogr\u00f3jcu<\/span><br \/>\n<span style=\"font-family: tahoma, arial, helvetica, sans-serif;\">\u2022 Biczowanie Jezusa<\/span><br \/>\n<span style=\"font-family: tahoma, arial, helvetica, sans-serif;\">\u2022 Cierniem ukoronowanie Jezusa<\/span><br \/>\n<span style=\"font-family: tahoma, arial, helvetica, sans-serif;\">\u2022 D\u017awiganie krzy\u017ca na Kalwari\u0119<\/span><br \/>\n<span style=\"font-family: tahoma, arial, helvetica, sans-serif;\">\u2022 Ukrzy\u017cowanie i \u015bmier\u0107 Jezusa<\/span><\/p>\n<p><span style=\"font-family: tahoma, arial, helvetica, sans-serif;\"><strong>Cz\u0119\u015b\u0107 IV &#8211; Tajemnice chwalebne (\u015broda, niedziela)<\/strong><\/span><br \/>\n<span style=\"font-family: tahoma, arial, helvetica, sans-serif;\">\u2022 Zmartwychwstanie Jezusa Chrystusa<\/span><br \/>\n<span style=\"font-family: tahoma, arial, helvetica, sans-serif;\">\u2022 Wniebowst\u0105pienie Pana Jezusa<\/span><br \/>\n<span style=\"font-family: tahoma, arial, helvetica, sans-serif;\">\u2022 Zes\u0142anie Ducha \u015awi\u0119tego<\/span><br \/>\n<span style=\"font-family: tahoma, arial, helvetica, sans-serif;\">\u2022 Wniebowzi\u0119cie Naj\u015bwi\u0119tszej Maryi Panny<\/span><br \/>\n<span style=\"font-family: tahoma, arial, helvetica, sans-serif;\">\u2022 Ukoronowanie Maryi na Kr\u00f3low\u0105 nieba i ziemi<\/span><\/p>\n","protected":false},"excerpt":{"rendered":"<div class=\"mh-excerpt\"><p>Pe\u0142na Modlitwa R\u00f3\u017ca\u0144cowa sk\u0142ada si\u0119 z czterech cz\u0119\u015bci &#8211; czyli czterech ca\u0142ych, fizycznych r\u00f3\u017ca\u0144c\u00f3w. Ka\u017cda za\u015b cz\u0119\u015b\u0107 &#8211; z pi\u0119ciu tajemnic. Modlitwa R\u00f3\u017ca\u0144cowa stanowi swego <a class=\"mh-excerpt-more\" href=\"https:\/\/parafiabierzwnik.pl\/?page_id=4248\" title=\"R\u00f3\u017caniec\">[&#8230;]<\/a><\/p>\n<\/div>","protected":false},"author":1,"featured_media":3466,"parent":0,"menu_order":0,"comment_status":"closed","ping_status":"closed","template":"","meta":{"_monsterinsights_skip_tracking":false,"_monsterinsights_sitenote_active":false,"_monsterinsights_sitenote_note":"","_monsterinsights_sitenote_category":0,"footnotes":""},"folder":[33],"class_list":["post-4248","page","type-page","status-publish","has-post-thumbnail","hentry"],"_links":{"self":[{"href":"https:\/\/parafiabierzwnik.pl\/index.php?rest_route=\/wp\/v2\/pages\/4248","targetHints":{"allow":["GET"]}}],"collection":[{"href":"https:\/\/parafiabierzwnik.pl\/index.php?rest_route=\/wp\/v2\/pages"}],"about":[{"href":"https:\/\/parafiabierzwnik.pl\/index.php?rest_route=\/wp\/v2\/types\/page"}],"author":[{"embeddable":true,"href":"https:\/\/parafiabierzwnik.pl\/index.php?rest_route=\/wp\/v2\/users\/1"}],"replies":[{"embeddable":true,"href":"https:\/\/parafiabierzwnik.pl\/index.php?rest_route=%2Fwp%2Fv2%2Fcomments&post=4248"}],"version-history":[{"count":15,"href":"https:\/\/parafiabierzwnik.pl\/index.php?rest_route=\/wp\/v2\/pages\/4248\/revisions"}],"predecessor-version":[{"id":5096,"href":"https:\/\/parafiabierzwnik.pl\/index.php?rest_route=\/wp\/v2\/pages\/4248\/revisions\/5096"}],"wp:featuredmedia":[{"embeddable":true,"href":"https:\/\/parafiabierzwnik.pl\/index.php?rest_route=\/wp\/v2\/media\/3466"}],"wp:attachment":[{"href":"https:\/\/parafiabierzwnik.pl\/index.php?rest_route=%2Fwp%2Fv2%2Fmedia&parent=4248"}],"wp:term":[{"taxonomy":"folder","embeddable":true,"href":"https:\/\/parafiabierzwnik.pl\/index.php?rest_route=%2Fwp%2Fv2%2Ffolder&post=4248"}],"curies":[{"name":"wp","href":"https:\/\/api.w.org\/{rel}","templated":true}]}}