{"id":3464,"date":"2023-06-28T20:10:11","date_gmt":"2023-06-28T18:10:11","guid":{"rendered":"https:\/\/parafiabierzwnik.pl\/?page_id=3464"},"modified":"2023-06-28T20:10:11","modified_gmt":"2023-06-28T18:10:11","slug":"modlitwy","status":"publish","type":"page","link":"https:\/\/parafiabierzwnik.pl\/?page_id=3464","title":{"rendered":"Modlitwy"},"content":{"rendered":"<h3><span style=\"font-family: tahoma, arial, helvetica, sans-serif;\">Akt zawierzenia Matce Bo\u017cej Szkaplerznej<\/span><\/h3>\n<p><span style=\"font-family: tahoma, arial, helvetica, sans-serif;\">Kr\u00f3lowo Szkaplerza \u015bwi\u0119tego i Matko Mi\u0142osierdzia zawierzam Ci nie tylko moj\u0105 dusz\u0119 i szcz\u0119\u015bcie wieczne, ale zechciej przyj\u0105\u0107 Niepokalana Dziewico moje cia\u0142o, by\u015b je skutecznie broni\u0142a przed grzechem i po\u017c\u0105dliwo\u015bci\u0105, pokusami tego \u015bwiata i chorobami, lenistwem i zasadzkami z\u0142ego ducha. Pom\u00f3\u017c mi uszlachetni\u0107 serce na wz\u00f3r Naj\u015bwi\u0119tszego Serca Twego Syna Jezusa Chrystusa.<\/span><br \/>\n<span style=\"font-family: tahoma, arial, helvetica, sans-serif;\">Maryjo! Oddaj\u0119 Ci my\u015bli i modlitwy, trudy i upadki, sukcesy i rado\u015bci, d\u0105\u017cenia i prace, aby\u015b kierowa\u0142a nimi dla dobra mego i ca\u0142ego Ko\u015bcio\u0142a.<\/span><br \/>\n<span style=\"font-family: tahoma, arial, helvetica, sans-serif;\">Najpewniejsza Obrono! Oddaj\u0119 Ci uczucia, rozum, pami\u0119\u0107 i wol\u0119, by\u015b pod tarcz\u0105 Szkaplerza \u015bwi\u0119tego pomaga\u0142a mi wytrwa\u0107 w wierze, nadziei i mi\u0142o\u015bci.<\/span><br \/>\n<span style=\"font-family: tahoma, arial, helvetica, sans-serif;\">Wspomo\u017cycielko Wiernych i Po\u015bredniczko \u0142aski! Poprzez Szat\u0119 Twoich cn\u00f3t zsy\u0142aj na ten \u015bwiat pok\u00f3j i mi\u0142o\u015b\u0107 Chrystusa, kt\u00f3ry \u017cyje i kr\u00f3luje w jedno\u015bci Ducha \u015awi\u0119tego, B\u00f3g przez wszystkie wieki wiek\u00f3w. Amen<\/span><\/p>\n<h3><span style=\"font-family: tahoma, arial, helvetica, sans-serif;\">Modlitwa codzienna do Matki Boskiej Szkaplerznej<\/span><\/h3>\n<p><span style=\"font-family: tahoma, arial, helvetica, sans-serif;\">O Najchwalebniejsza, Kr\u00f3lowo Niebios, Maryjo. Najczystsza, Dziewico i Najgodniejsza Bo\u017ca Rodzicielko. Przypominam dzi\u015b sobie w g\u0142\u0119bi serca przez przyj\u0119cie szkaplerza \u015bwi\u0119tego zawarte z Tob\u0105 przymierze, \u017ce przez ca\u0142e \u017cycie b\u0119d\u0119 jak najwierniej i jak najgorliwiej s\u0142u\u017cy\u0142(a) Tobie i Twojemu Boskiemu Synowi. Sk\u0142adam Ci najpokorniejsze dzi\u0119ki, o Najpot\u0119\u017cniejsza Pani, \u017ce raczy\u0142a\u015b mnie biednego grzesznika (grzesznic\u0119) przy\u00adj\u0105\u0107 do grona Braci (Si\u00f3str) za po\u015brednictwem szkaplerza \u015bwi\u0119tego. Obieram Ci\u0119 dzisiaj na zawsze za moj\u0105 Najukocha\u0144sz\u0105 Matk\u0119, Opiekunk\u0119 i Po\u015bredniczk\u0119 przed Bogiem. Prosz\u0119 Ci\u0119 pokornie, aby Tw\u00f3j szkaplerz by\u0142 dla mnie znakiem zbawienia, broni\u0105 w niebezpiecze\u0144stwach duszy i cia\u0142a. O Najlito\u015bciwsza Matko, wyjednaj mi u Boskiego Syna odpuszczenie grzech\u00f3w moich, \u0142ask\u0119 do prawdziwej pokuty i poprawy mojego \u017cycia, sta\u0142o\u015b\u0107 w wierze \u015bwi\u0119tej, w nadziei, w mi\u0142o\u015bci Boga i bli\u017aniego, w cierpliwo\u015bci i w czysto\u015bci odpo\u00adwiedniej do mojego stanu. Szczeg\u00f3lniej za\u015b sta\u0144 przy mnie w ostatniej chwili mego \u017cycia i daj mi dozna\u0107 tego, co\u015b przyrzek\u0142a, \u017ce kto w tym \u015bwi\u0119\u00adtym Twoim szkaplerzu umrze bogobojnie, ten nie b\u0119dzie cier\u00adpia\u0142 ognia wiecznego. Amen<\/span><\/p>\n<p><span style=\"font-family: tahoma, arial, helvetica, sans-serif;\">P. M\u00f3dl si\u0119 za nami, Kr\u00f3lowo, Ozdobo Karmelu.<\/span><\/p>\n<p><span style=\"font-family: tahoma, arial, helvetica, sans-serif;\">W. Aby\u015bmy si\u0119 stali godnymi obietnic Chrystusowych.<\/span><\/p>\n<p><span style=\"font-family: tahoma, arial, helvetica, sans-serif;\">M\u00f3dlmy si\u0119: Prosimy Ci\u0119 Panie, niech nas wspomaga pe\u0142ne godno\u015bci wstawiennictwo chwalebnej Dziewicy Maryi, Matki i Kr\u00f3lowej Karmelu, aby\u015bmy wsparci Jej opiek\u0105 mogli doj\u015b\u0107 na szczyt g\u00f3ry, kt\u00f3r\u0105 jest Chrystus, kt\u00f3ry z Tob\u0105 \u017cyje i kr\u00f3luje na wieki wiek\u00f3w. Amen<\/span><\/p>\n<h3><span style=\"font-family: tahoma, arial, helvetica, sans-serif;\">Akt oddania si\u0119 Matce Bo\u017cej Szkaplerznej<\/span><\/h3>\n<p><span style=\"font-family: tahoma, arial, helvetica, sans-serif;\">O najchwalebniejsza Dziewico Maryjo, Matko szkaplerza \u015bwi\u0119tego! Oto ja, niegodny zaszczytu nazywania si\u0119 Twoim s\u0142ug\u0105 o\u015bmielony Twoj\u0105 dobroci\u0105 i pragnieniem s\u0142u\u017cenia Tobie, obieram Ci\u0119 za moj\u0105 jedyn\u0105 i najlepsz\u0105 Matk\u0119 i Or\u0119downiczk\u0119. Wobec Tr\u00f3jcy Przenaj\u015bwi\u0119tszej, Ciebie, mojego Anio\u0142a Str\u00f3\u017ca uroczy\u015bcie odnawiam przyrzeczenia, kt\u00f3re z\u0142o\u017cy\u0142em Tobie, Matko Naj\u015bwi\u0119tsza, w dniu przyj\u0119cia szkaplerza \u015bwi\u0119tego. Pragn\u0119 wiernie i gorliwie s\u0142u\u017cy\u0107 Tobie i Twojemu Boskiemu Synowi przez ca\u0142e moje \u017cycie. Sk\u0142adam Ci r\u00f3wnie\u017c synowskie podzi\u0119kowanie za to, \u017ce\u015b mnie spo\u015br\u00f3d tych milion\u00f3w dusz, poprzez szkaplerz \u015bwi\u0119ty, zaliczy\u0107 raczy\u0142a do umi\u0142owanych dzieci swoich. Przyrzekam Ci i postanawiam, \u017ce pragn\u0119 pozo\u00adsta\u0107 wiernym Twoim synem, ca\u0142ym sercem Ci\u0119 kocha\u0107 oraz na\u015bladowa\u0107 Ci\u0119 w cnocie i pobo\u017cno\u015bci. Przyjmij Matko Naj\u00ad\u015bwi\u0119tsza, t\u0119 moj\u0105 ofiar\u0119 i spraw \u0142askawie, aby szkaplerz \u015bwi\u0119ty, kt\u00f3ry nosz\u0119 sta\u0142 si\u0119 dla mnie znakiem Twej szczeg\u00f3lnej opieki, ochron\u0105 przed grzechem, tarcz\u0105 przed atakami nieprzyjaciela, zach\u0119t\u0105 do praktykowania cnoty i \u015brodkiem do osi\u0105gni\u0119cia zba\u00adwienia. Prosz\u0119 Ci\u0119 o to przez Twojego Syna Jezusa Chrystusa, Pana naszego. Amen<\/span><\/p>\n<h3><span style=\"font-family: tahoma, arial, helvetica, sans-serif;\">Jan Pawe\u0142 II, Modlitwa zawierzenia Ko\u015bcio\u0142a Matce Bo\u017cej Szkaplerznej<\/span><\/h3>\n<p><span style=\"font-family: tahoma, arial, helvetica, sans-serif;\">Naj\u015bwi\u0119tsza Dziewico Karmelu! Twojemu matczynemu sercu powierzam Ko\u015bci\u00f3\u0142, pasterzy i wiernych. Ty, kt\u00f3ra jeste\u015b Matk\u0105 prawdziwego \u017cycia, naucz nas by\u0107 \u015bwiadkami Boga \u017cywego, mi\u0142o\u015bci silniejszej ni\u017c \u015bmier\u0107, przebaczenia, co odpuszcza winy, nadziei, co spogl\u0105da w przysz\u0142o\u015b\u0107. \u015awi\u0119ta Maryjo, Matko nadziei, Naj\u015bwi\u0119tsza Dziewico z Karmelu, os\u0142o\u0144 swoim szkaplerzem jak tarcz\u0105 opieki miasta i wsie, \u0142a\u0144cuchy g\u00f3r i morze, m\u0119\u017cczyzn i kobiety, m\u0142odzie\u017c i dzieci, starc\u00f3w i chorych, sieroty i cierpi\u0105cych, wiernych syn\u00f3w Ko\u015bcio\u0142a i zb\u0142\u0105kane owce. Spraw, aby wszyscy ludzie wszystkich kraj\u00f3w, uznawszy swoje wsp\u00f3lne pochodzenie, odnosili si\u0119 do siebie z szacunkiem i kochali, jak przysta\u0142o dzieciom jednego Ojca, w Jezusie Chrystusie, naszym jedynym Zbawicielu, i w Duchu \u015awi\u0119tym, kt\u00f3ry odnawia oblicze ziemi, na cze\u015b\u0107 i chwa\u0142\u0119 Tr\u00f3jcy Przenaj\u015bwi\u0119tszej.<\/span><\/p>\n","protected":false},"excerpt":{"rendered":"<div class=\"mh-excerpt\"><p>Akt zawierzenia Matce Bo\u017cej Szkaplerznej Kr\u00f3lowo Szkaplerza \u015bwi\u0119tego i Matko Mi\u0142osierdzia zawierzam Ci nie tylko moj\u0105 dusz\u0119 i szcz\u0119\u015bcie wieczne, ale zechciej przyj\u0105\u0107 Niepokalana Dziewico <a class=\"mh-excerpt-more\" href=\"https:\/\/parafiabierzwnik.pl\/?page_id=3464\" title=\"Modlitwy\">[&#8230;]<\/a><\/p>\n<\/div>","protected":false},"author":1,"featured_media":3466,"parent":0,"menu_order":0,"comment_status":"closed","ping_status":"closed","template":"","meta":{"_monsterinsights_skip_tracking":false,"_monsterinsights_sitenote_active":false,"_monsterinsights_sitenote_note":"","_monsterinsights_sitenote_category":0,"footnotes":""},"folder":[33],"class_list":["post-3464","page","type-page","status-publish","has-post-thumbnail","hentry"],"_links":{"self":[{"href":"https:\/\/parafiabierzwnik.pl\/index.php?rest_route=\/wp\/v2\/pages\/3464","targetHints":{"allow":["GET"]}}],"collection":[{"href":"https:\/\/parafiabierzwnik.pl\/index.php?rest_route=\/wp\/v2\/pages"}],"about":[{"href":"https:\/\/parafiabierzwnik.pl\/index.php?rest_route=\/wp\/v2\/types\/page"}],"author":[{"embeddable":true,"href":"https:\/\/parafiabierzwnik.pl\/index.php?rest_route=\/wp\/v2\/users\/1"}],"replies":[{"embeddable":true,"href":"https:\/\/parafiabierzwnik.pl\/index.php?rest_route=%2Fwp%2Fv2%2Fcomments&post=3464"}],"version-history":[{"count":1,"href":"https:\/\/parafiabierzwnik.pl\/index.php?rest_route=\/wp\/v2\/pages\/3464\/revisions"}],"predecessor-version":[{"id":3465,"href":"https:\/\/parafiabierzwnik.pl\/index.php?rest_route=\/wp\/v2\/pages\/3464\/revisions\/3465"}],"wp:featuredmedia":[{"embeddable":true,"href":"https:\/\/parafiabierzwnik.pl\/index.php?rest_route=\/wp\/v2\/media\/3466"}],"wp:attachment":[{"href":"https:\/\/parafiabierzwnik.pl\/index.php?rest_route=%2Fwp%2Fv2%2Fmedia&parent=3464"}],"wp:term":[{"taxonomy":"folder","embeddable":true,"href":"https:\/\/parafiabierzwnik.pl\/index.php?rest_route=%2Fwp%2Fv2%2Ffolder&post=3464"}],"curies":[{"name":"wp","href":"https:\/\/api.w.org\/{rel}","templated":true}]}}