{"id":3452,"date":"2023-06-28T20:10:47","date_gmt":"2023-06-28T18:10:47","guid":{"rendered":"https:\/\/parafiabierzwnik.pl\/?page_id=3452"},"modified":"2023-07-06T09:44:08","modified_gmt":"2023-07-06T07:44:08","slug":"nowenna-do-matki-bozej-szkaplerznej","status":"publish","type":"page","link":"https:\/\/parafiabierzwnik.pl\/?page_id=3452","title":{"rendered":"Nowenna do Matki Bo\u017cej Szkaplerznej"},"content":{"rendered":"\n<h3 class=\"wp-block-heading\"><span style=\"font-family: tahoma, arial, helvetica, sans-serif;\"><strong>Nowenna do Matki Bo\u017cej Szkaplerznej <br>(7 &#8211; 15 lipca)<\/strong><\/span><\/h3>\n\n\n\n<p><span style=\"font-family: tahoma, arial, helvetica, sans-serif;\"><strong>Modlitwa do Matki Bo\u017cej Szkaplerznej<\/strong><\/span><br><span style=\"font-family: tahoma, arial, helvetica, sans-serif;\"><strong>(na rozpocz\u0119cie nowenny)<\/strong><\/span><\/p>\n\n\n\n<p><span style=\"font-family: tahoma, arial, helvetica, sans-serif;\">O najwspanialsza Kr\u00f3lowo nieba i ziemi! Or\u0119dow\u00adniczko Szkaplerza \u015bwi\u0119tego, Matko Boga! Oto ja, Two\u00adje dziecko, wznosz\u0119 do Ciebie b\u0142agalnie r\u0119ce i z g\u0142\u0119bi serca wo\u0142am do Ciebie: Kr\u00f3lowo Szkaplerza \u015bwi\u0119tego, ratuj mnie, bo w Tobie ca\u0142a moja nadzieja.<\/span><br><span style=\"font-family: tahoma, arial, helvetica, sans-serif;\">Je\u015bli Ty mnie nie wys\u0142uchasz, do kog\u00f3\u017c mam si\u0119 uda\u0107? Wiem, o dobra Matko, serce Twoje wzruszy si\u0119 moim b\u0142aganiem i wys\u0142uchasz mnie w moich po\u00adtrzebach, gdy\u017c Wszechmoc Bo\u017ca spoczywa w Twoich r\u0119kach, a u\u017cy\u0107 jej mo\u017cesz wed\u0142ug upodobania. Od wie\u00adk\u00f3w tak czczona, najszlachetniejsza Pocieszycielko strapionych, powsta\u0144 i sw\u0105 pot\u0119\u017cn\u0105 moc\u0105 rozprosz moje cierpienia, ulecz, uspok\u00f3j m\u0105 dusz\u0119, o Matko pe\u0142na lito\u015bci! Ja za\u015b wdzi\u0119cznym sercem wielbi\u0107 Ci\u0119 b\u0119d\u0119 a\u017c do \u015bmierci. Na Twoj\u0105 chwa\u0142\u0119 w Szkaplerzu \u015bwi\u0119tym \u017cy\u0107 i umiera\u0107 pragn\u0119. Amen.<\/span><\/p>\n\n\n\n<p><span style=\"font-family: tahoma, arial, helvetica, sans-serif;\"><strong>Dzie\u0144 pierwszy &#8211; 7 lipca<\/strong><\/span><\/p>\n\n\n\n<p><span style=\"font-family: tahoma, arial, helvetica, sans-serif;\">\u201eMi\u0142ujcie Maryj\u0119! Z tej mi\u0142o\u015bci nie przestawajcie czer\u00adpa\u0107 si\u0142y dla waszych serc. Niech Ona okazuje si\u0119 dla was i przez was Matk\u0105 wszystkich, kt\u00f3rzy tak bardzo spragnieni s\u0105 tej macierzy\u0144skiej opieki&#8221;.<\/span><br><span style=\"font-family: tahoma, arial, helvetica, sans-serif;\">Jan Pawe\u0142 II<\/span><\/p>\n\n\n\n<p><span style=\"font-family: tahoma, arial, helvetica, sans-serif;\">Maryjo, Kwiecie Karmelu i Matko nasza! Ukaza\u0142a\u015b si\u0119 niegdy\u015b prorokowi Eliaszowi w postaci jasnego ob\u0142oku, kt\u00f3ry wzni\u00f3s\u0142szy si\u0119 nad morzem, u\u017cy\u017ani\u0142 spra\u00adgnion\u0105 ziemi\u0119 obfitym deszczem. Pokornie Ci\u0119 b\u0142aga\u00admy, racz nam wyjedna\u0107 obfite zdroje \u0142ask niebieskich, kt\u00f3re ubogac\u0105 nasze dusze, aby wydawa\u0142y stokrotny plon \u015bwi\u0119tych cn\u00f3t i dobrych uczynk\u00f3w i aby\u015bmy s\u0142u\u00ad\u017c\u0105c Bogu w wierze oraz mi\u0142o\u015bci, ju\u017c w tym \u017cyciu mo\u00adgli si\u0119 cieszy\u0107 b\u0142og\u0105 nadziej\u0105 ogl\u0105dania Go w szcz\u0119\u00ad\u015bliwej wieczno\u015bci.<\/span><br><span style=\"font-family: tahoma, arial, helvetica, sans-serif;\">Sk\u0142adamy w Twoje Matczyne r\u0119ce nasze potrzeby i intencje tej nowenny, ufni, \u017ce nie odrzucisz naszej pro\u015bby, najlepsza i najczulsza Matko. Amen.<\/span><\/p>\n\n\n\n<p><span style=\"font-family: tahoma, arial, helvetica, sans-serif;\">Ojcze nasz&#8230; Zdrowa\u015b Maryjo&#8230; Chwa\u0142a Ojcu&#8230;<\/span><\/p>\n\n\n\n<p><span style=\"font-family: tahoma, arial, helvetica, sans-serif;\"><strong>Dzie\u0144 drugi &#8211; 8 lipca<\/strong><\/span><\/p>\n\n\n\n<p><span style=\"font-family: tahoma, arial, helvetica, sans-serif;\">\u201eNie b\u00f3jmy si\u0119, \u017ce Maryja przes\u0142oni nam Chrystusa, Ona jest po to, aby do Niego prowadzi\u0107&#8221;.<\/span><br><span style=\"font-family: tahoma, arial, helvetica, sans-serif;\">Stefan kard. Wyszy\u0144ski<\/span><\/p>\n\n\n\n<p><span style=\"font-family: tahoma, arial, helvetica, sans-serif;\">Maryjo, Gwiazdo Karmelu i Matko nasza, kt\u00f3ra pa\u0142aj\u0105c szczeg\u00f3ln\u0105 mi\u0142o\u015bci\u0105 ku dzieciom odzianym Szkaplerzem \u015bwi\u0119tym, nawiedzasz ich dusze, pocie\u00adszasz je s\u0142owem i przyk\u0142adem, upro\u015b nam, o Kr\u00f3lowo nasza, aby Syn Tw\u00f3j, a Pan nasz, Jezus Chrystus, sw\u0105 Bosk\u0105 \u015bwiat\u0142o\u015bci\u0105 rozproszy\u0142 ciemno\u015bci naszych umys\u0142\u00f3w; aby\u015bmy poznali warto\u015b\u0107 Jego mi\u0142o\u015bci ku nam zwr\u00f3conej i serdecznie Go mi\u0142owali, aby\u015bmy zrozu\u00admieli donios\u0142o\u015b\u0107 naszych obowi\u0105zk\u00f3w i sumiennie je wype\u0142niali, aby\u015bmy wszystkie my\u015bli, s\u0142owa i czyny kierowali ku wi\u0119kszej chwale Bo\u017cej i zbudowaniu naszych bli\u017anich.<\/span><br><span style=\"font-family: tahoma, arial, helvetica, sans-serif;\">Pokornie powierzamy Ci wszystko, co nas dr\u0119czy, niepokoi i boli. Ufamy, \u017ce przyjmiesz to jak Matka i dasz naszym duszom i sercom niezm\u0105cony pok\u00f3j! Amen.<\/span><\/p>\n\n\n\n<p><span style=\"font-family: tahoma, arial, helvetica, sans-serif;\">Ojcze nasz&#8230; Zdrowa\u015b Maryjo&#8230; Chwa\u0142a Ojcu&#8230;<\/span><\/p>\n\n\n\n<p><span style=\"font-family: tahoma, arial, helvetica, sans-serif;\"><strong>Dzie\u0144 trzeci &#8211; 9 lipca<\/strong><\/span><\/p>\n\n\n\n<p><span style=\"font-family: tahoma, arial, helvetica, sans-serif;\">\u201eMatka nigdy nie odchodzi \u2014 ani od ko\u0142yski, ani z Kalwarii, ani od grobu swojego dziecka&#8221;.<\/span><br><span style=\"font-family: tahoma, arial, helvetica, sans-serif;\">Stefan kard. Wyszy\u0144ski<\/span><\/p>\n\n\n\n<p><span style=\"font-family: tahoma, arial, helvetica, sans-serif;\">Maryjo, Mistrzyni Karmelu i Matko nasza, prze\u00adpe\u0142niona dobroci\u0105 dla nas, kt\u00f3ra raczy\u0142a\u015b przyj\u0105\u0107 ofia\u00adry z\u0142o\u017cone Ci przez syn\u00f3w Twego zakonu, b\u0142agamy Ci\u0119, o Pani nasza, przemie\u0144 nasze dusze w \u015bwi\u0105tynie Boga \u017cywego, aby przyozdobione kwiatami cn\u00f3t i do\u00adbrych uczynk\u00f3w mog\u0142y godnie przyj\u0105\u0107 Boski Maje\u00adstat; aby\u015bmy wielbi\u0105c i mi\u0142uj\u0105c Boga, mogli wiernie Mu s\u0142u\u017cy\u0107 i nigdy naszych \u015bwi\u0105ty\u0144 duszy nie skala\u0107 grzesznym przywi\u0105zaniem do stworze\u0144.<\/span><br><span style=\"font-family: tahoma, arial, helvetica, sans-serif;\">O Matko! Tyle w nas s\u0142abo\u015bci, tyle n\u0119dz i mrok\u00f3w! Ty mo\u017cesz umocni\u0107 nasze dusze i serca. Zawierzamy Ci ca\u0142kowicie. Amen.<\/span><\/p>\n\n\n\n<p><span style=\"font-family: tahoma, arial, helvetica, sans-serif;\">Ojcze nasz&#8230; Zdrowa\u015b Maryjo&#8230; Chwa\u0142a Ojcu&#8230;<\/span><\/p>\n\n\n\n<p><span style=\"font-family: tahoma, arial, helvetica, sans-serif;\"><strong>Dzie\u0144 czwarty &#8211; 10 lipca<\/strong><\/span><\/p>\n\n\n\n<p><span style=\"font-family: tahoma, arial, helvetica, sans-serif;\">\u201eR\u00f3wnowaga stoj\u0105cej pod krzy\u017cem Maryi pomaga ca\u0142emu \u015bwiatu&#8221;.<\/span><br><span style=\"font-family: tahoma, arial, helvetica, sans-serif;\">Stefan kard. Wyszy\u0144ski<\/span><\/p>\n\n\n\n<p><span style=\"font-family: tahoma, arial, helvetica, sans-serif;\">Maryjo, Chwa\u0142o Karmelu i Matko nasza, kt\u00f3ra w do\u00adw\u00f3d szczeg\u00f3lnej mi\u0142o\u015bci do dzieci odzianych Tw\u0105 \u015bwi\u0119\u00adt\u0105 szat\u0105, raczy\u0142a\u015b zaszczyci\u0107 je mianem Twego najs\u0142od\u00adszego Imienia, prosimy Ci\u0119 pokornie, obud\u017a w naszych sercach pragnienie, aby\u015bmy we wszystkich uciskach i dolegliwo\u015bciach \u017cycia u Ciebie szukali wsparcia, ulgi i pociechy. Zach\u0119caj nas Twym \u017cyciem i przyk\u0142adem do pe\u0142nienia dobrych uczynk\u00f3w i spraw, o Matko Mi\u0142o\u00adsierdzia, aby\u015bmy na\u015bladuj\u0105c Twoje \u015bwi\u0119te cnoty, stali si\u0119 godni zaszczytnej nazwy syn\u00f3w Twoich; aby\u015bmy zapisani zostali w ksi\u0119dze \u017cywota, pomi\u0119dzy Twymi dzie\u0107mi i bra\u0107mi Jezusa Chrystusa.<\/span><br><span style=\"font-family: tahoma, arial, helvetica, sans-serif;\">Us\u0142ysz nasze b\u0142agania. Ty na Kalwarii w wielkim b\u00f3lu sta\u0142a\u015b si\u0119 dla nas Matk\u0105. Ty najlepiej rozumiesz nasze cierpienia. Os\u0142aniaj nas przed pokusami z\u0142ego i zaprowad\u017a nas do Twego Syna, Jezusa Chrystusa. Amen.<\/span><\/p>\n\n\n\n<p><span style=\"font-family: tahoma, arial, helvetica, sans-serif;\">Ojcze nasz&#8230; Zdrowa\u015b Maryjo&#8230; Chwa\u0142a Ojcu&#8230;<\/span><\/p>\n\n\n\n<p><span style=\"font-family: tahoma, arial, helvetica, sans-serif;\"><strong>Dzie\u0144 pi\u0105ty &#8211; 11 lipca<\/strong><\/span><\/p>\n\n\n\n<p><span style=\"font-family: tahoma, arial, helvetica, sans-serif;\">\u201eJak bardzo posta\u0107 Maryi promieniuje \u015bwiatu w\u0142a\u015bnie dzi\u015b, gdy tylu m\u0105drych i roztropnych ludzi \u017cenuje si\u0119 m\u00f3wi\u0107 o ubo\u017cuchnym Dziewcz\u0119ciu, kt\u00f3re B\u00f3g wypa\u00adtrzy\u0142 sobie w Nazarecie i uczyni\u0142 Matk\u0105 Syna Swego&#8221;.<\/span><br><span style=\"font-family: tahoma, arial, helvetica, sans-serif;\">Stefan kard. Wyszy\u0144ski<\/span><\/p>\n\n\n\n<p><span style=\"font-family: tahoma, arial, helvetica, sans-serif;\">Maryjo, Twierdzo Karmelu, kt\u00f3ra po\u015br\u00f3d atak\u00f3w nieprzyjacielskich os\u0142ania\u0142a\u015b tarcz\u0105 swej opieki zakon karmelita\u0144ski i ocali\u0142a\u015b go od upadku, prosimy Ci\u0119 po\u00adkornie, o Pani i Or\u0119downiczko nasza, bro\u0144 nas od nie\u00adprzyjaci\u00f3\u0142 duszy i cia\u0142a: aby\u015bmy s\u0142u\u017cyli Bogu w poko\u00adju i bezpiecze\u0144stwie na wi\u0119ksz\u0105 Jego cze\u015b\u0107 i na chwa\u00ad\u0142\u0119 Twoj\u0105.<\/span><\/p>\n\n\n\n<p><span style=\"font-family: tahoma, arial, helvetica, sans-serif;\">Kr\u00f3lowo Karmelu! Przychodzimy do Ciebie i sk\u0142a\u00addamy w Twoje Matczyne d\u0142onie nasze przysz\u0142e losy, losy Ko\u015bcio\u0142a i naszej Ojczyzny. Ul\u017cyj nam w d\u017awi\u00adganiu krzy\u017ca, kt\u00f3ry nosimy, i uka\u017c blask zwyci\u0119stwa prawdy, dobra, pi\u0119kna i pokoju. Amen.<\/span><\/p>\n\n\n\n<p><span style=\"font-family: tahoma, arial, helvetica, sans-serif;\">Ojcze nasz&#8230; Zdrowa\u015b Maryjo&#8230; Chwa\u0142a Ojcu&#8230;<\/span><\/p>\n\n\n\n<p><span style=\"font-family: tahoma, arial, helvetica, sans-serif;\"><strong>Dzie\u0144 sz\u00f3sty &#8211; 12 lipca<\/strong><\/span><\/p>\n\n\n\n<p><span style=\"font-family: tahoma, arial, helvetica, sans-serif;\">\u201eB\u00f3g nie chce inaczej udziela\u0107 si\u0119 \u015bwiatu, jak tylko z ramion Maryi&#8221;.<\/span><br><span style=\"font-family: tahoma, arial, helvetica, sans-serif;\">Stefan kard. Wyszy\u0144ski<\/span><\/p>\n\n\n\n<p><span style=\"font-family: tahoma, arial, helvetica, sans-serif;\">Maryjo, Kr\u00f3lowo Karmelu i Matko nasza, kt\u00f3ra swe\u00adgo wiernego s\u0142ug\u0119 Szymona zaszczyci\u0142a\u015b \u015bwi\u0119tym Szkaplerzem \u2014 znakiem zbawienia i synostwa Twe\u00adgo, przyobiecuj\u0105c niezliczone zdroje \u0142ask i b\u0142ogos\u0142a\u00adwie\u0144stw Bo\u017cych tym wszystkim, kt\u00f3rzy b\u0119d\u0105 pobo\u017c\u00adnie t\u0119 szat\u0119 nosi\u0107 i nale\u017cycie wype\u0142nia\u0107 obowi\u0105zki swego powo\u0142ania, a na\u015bladuj\u0105c Twoje \u015bwi\u0119te cnoty, b\u0119d\u0105 si\u0119 stawali wiernymi Twoimi s\u0142ugami, spraw, aby\u015bmy przez wierno\u015b\u0107 podj\u0119tym zadaniom, korzystali w \u017cyciu i po \u015bmierci z Twoich obietnic, a przez to zo\u00adstali dopuszczeni do chwa\u0142y wiecznej.<\/span><br><span style=\"font-family: tahoma, arial, helvetica, sans-serif;\">Spraw, Kr\u00f3lowo Szkaplerza \u015bwi\u0119tego, aby nosz\u0105c Tw\u00f3j Szkaplerz, dusze nasze upodabnia\u0142y si\u0119 coraz bardziej do Ciebie, a przez Ciebie do Chrystusa, i aby wzrasta\u0142a w nas ufno\u015b\u0107, \u017ce Ty ka\u017cdej naszej potrzebie zaradzisz i os\u0142onisz przed burzami \u017cycia. Amen.<\/span><\/p>\n\n\n\n<p><span style=\"font-family: tahoma, arial, helvetica, sans-serif;\">Ojcze nasz&#8230; Zdrowa\u015b Maryjo&#8230; Chwa\u0142a Ojcu&#8230;<\/span><\/p>\n\n\n\n<p><span style=\"font-family: tahoma, arial, helvetica, sans-serif;\"><strong>Dzie\u0144 si\u00f3dmy &#8211; 13 lipca<\/strong><\/span><\/p>\n\n\n\n<p><span style=\"font-family: tahoma, arial, helvetica, sans-serif;\">\u201eZawsze, gdy jest szczeg\u00f3lnie ci\u0119\u017cko, gdy ciemno\u015bci ogarniaj\u0105 ziemie, a s\u0142o\u0144ce ju\u017c ga\u015bnie i gwiazdy nie daj\u0105 \u015bwiat\u0142o\u015bci, trzeba wszystko oddawa\u0107 Maryi&#8221;.<\/span><br><span style=\"font-family: tahoma, arial, helvetica, sans-serif;\">Stefan kard. Wyszy\u0144ski<\/span><\/p>\n\n\n\n<p><span style=\"font-family: tahoma, arial, helvetica, sans-serif;\">Maryjo, Stra\u017cniczko Karmelu i Matko! Ty\u015b nas za\u00adpewni\u0142a, \u017ce \u015bwi\u0119ta Twa suknia, je\u017celi j\u0105 godnie nosimy, b\u0119dzie nam puklerzem i tarcz\u0105 przeciwko pociskom nieprzyjacielskim i \u017ce uchroni nas od wszelkiego z\u0142a. Prosimy Ci\u0119 gor\u0105co: niech nas zachowa Twoja pot\u0119\u017c\u00adna obrona nie tylko od niebezpiecze\u0144stw cia\u0142a, ale przede wszystkim od niebezpiecze\u0144stw duszy i wiecz\u00adnego pot\u0119pienia. Spraw za swoj\u0105 przemo\u017cn\u0105 przyczy\u00adn\u0105, aby\u015bmy nie pope\u0142nili takiej winy, przez kt\u00f3r\u0105 mo\u00adgliby\u015bmy by\u0107 odrzuceni przez Boga.<\/span><br><span style=\"font-family: tahoma, arial, helvetica, sans-serif;\">Kornie upadaj\u0105c przed Tob\u0105, ufamy, \u017ce nie b\u0119dzie takiego b\u00f3lu, kt\u00f3rego by\u015b nie ukoi\u0142a, nie b\u0119dzie takiej zasadzki, kt\u00f3rej by\u015b nie oddali\u0142a, bo jeste\u015b najbardziej kochaj\u0105c\u0105 Matk\u0105. Amen.<\/span><\/p>\n\n\n\n<p><span style=\"font-family: tahoma, arial, helvetica, sans-serif;\">Ojcze nasz&#8230; Zdrowa\u015b Maryjo&#8230; Chwa\u0142a Ojcu&#8230;<\/span><\/p>\n\n\n\n<p><span style=\"font-family: tahoma, arial, helvetica, sans-serif;\"><strong>Dzie\u0144 \u00f3smy &#8211; 14 lipca<\/strong><\/span><\/p>\n\n\n\n<p><span style=\"font-family: tahoma, arial, helvetica, sans-serif;\">\u201ePo Bogu w Tr\u00f3jcy Jedynym, nie mamy nikogo bli\u017cszego nad Matk\u0119 S\u0142owa Wcielonego. Gdy wiec szukamy w naszych my\u015blach modlitewnych, z kim mieliby\u015bmy rozmawia\u0107, komu mieliby\u015bmy si\u0119 zwie\u00adrzy\u0107, z kim nasz\u0105 samotno\u015b\u0107 dzieli\u0107, to chyba z Ni\u0105&#8221;.<\/span><br><span style=\"font-family: tahoma, arial, helvetica, sans-serif;\">Stefan kard. Wyszy\u0144ski<\/span><\/p>\n\n\n\n<p><span style=\"font-family: tahoma, arial, helvetica, sans-serif;\">Maryjo, Ozdobo Karmelu i Matko nasza! Daj\u0105c nam t\u0119 szlachetn\u0105 odznak\u0119 Twojej mi\u0142o\u015bci \u2014 Szkaplerz \u015bwi\u0119ty, nie tylko chcia\u0142a\u015b widzie\u0107 w nas swoje s\u0142ugi, ale zapragn\u0119\u0142a\u015b jeszcze przybra\u0107 nas za swoje c\u00f3rki i za swoich syn\u00f3w i raczy\u0142a\u015b nas tak nazwa\u0107. B\u0142agamy Ci\u0119, wyjednaj nam u Jezusa t\u0119 \u0142ask\u0119, aby\u015bmy nigdy nie byli dla Ciebie powodem smutku, ale Twoj\u0105 rado\u00ad\u015bci\u0105 i Twoj\u0105 chwa\u0142\u0105!<\/span><br><span style=\"font-family: tahoma, arial, helvetica, sans-serif;\">Chcemy te\u017c by\u0107 dobrymi Twymi bra\u0107mi, jak tego sobie \u017cyczy\u0142a\u015b. Dzi\u0119ki pomocy takiej Matki, kt\u00f3ra wszystko rozumie \u2014 wyzwolimy si\u0119 ze wszystkiego, co nas od Ciebie oddala, co nie podoba si\u0119 Chrystuso\u00adwi Panu. \u201eB\u0105d\u017a z nami w ka\u017cdy czas, wspieraj i ratuj nas&#8221;. Amen.<\/span><\/p>\n\n\n\n<p><span style=\"font-family: tahoma, arial, helvetica, sans-serif;\">Ojcze nasz&#8230; Zdrowa\u015b Maryjo&#8230; Chwa\u0142a Ojcu&#8230;<\/span><\/p>\n\n\n\n<p><span style=\"font-family: tahoma, arial, helvetica, sans-serif;\"><strong>Dzie\u0144 dziewi\u0105ty &#8211; 15 lipca<\/strong><\/span><\/p>\n\n\n\n<p><span style=\"font-family: tahoma, arial, helvetica, sans-serif;\">\u201eMatko Ko\u015bcio\u0142a!&#8230; Daj nam odradza\u0107 si\u0119 wci\u0105\u017c ca\u00ad\u0142ym pi\u0119knem \u015bwiadectwa dawanego Krzy\u017cowi i Zmart\u00adwychwstaniu Twego Syna&#8221;.<\/span><br><span style=\"font-family: tahoma, arial, helvetica, sans-serif;\">Jan Pawe\u0142 II<\/span><\/p>\n\n\n\n<p><span style=\"font-family: tahoma, arial, helvetica, sans-serif;\">Maryjo, Opiekunko Karmelu i Matko nasza! Wie\u00admy, \u017ce nigdy nie opuszczasz wiernych swoich. Spraw, aby\u015bmy zawsze byli wierni Tobie. Opiekuj si\u0119 naszy\u00admi sercami, oczy\u015b\u0107 je z wszelkich brud\u00f3w grzechowych, przystr\u00f3j je w wonne kwiaty cn\u00f3t. Niech Jezus Chrystus zamieszka w nas na zawsze, aby w godzinie \u015bmierci naszej szatan odst\u0105pi\u0142 od nas, widz\u0105c Jezusa w naszych sercach. A kiedy dusze nasze roz\u0142\u0105cz\u0105 si\u0119 z cia\u0142ami, daj nam pociech\u0119 ogl\u0105dania Twego \u015bwi\u0119te\u00adgo Oblicza i zaprowad\u017a nas do przybytku wiecznego szcz\u0119\u015bcia.<\/span><br><span style=\"font-family: tahoma, arial, helvetica, sans-serif;\">Matko Szkaplerza \u015bwi\u0119tego! Przyobieca\u0142a\u015b, \u017ce nie b\u0119dzie pot\u0119piony ten, kto pobo\u017cnie nosi\u0142 Tw\u00f3j Szkaplerz. Przypominaj nam nieustannie o tym, aby\u015bmy w ostatniej godzinie ziemskiego \u017cycia uca\u0142owali Tw\u00f3j znak zbawienia i stali si\u0119 uczestnikami wiecznej chwa\u00ad\u0142y. Amen.<\/span><\/p>\n\n\n\n<p><span style=\"font-family: tahoma, arial, helvetica, sans-serif;\">Ojcze nasz&#8230; Zdrowa\u015b Maryjo&#8230; Chwa\u0142a Ojcu&#8230;<\/span><\/p>\n\n\n\n<p><span style=\"font-family: tahoma, arial, helvetica, sans-serif;\"><strong>Modlitwa do Matki Bo\u017cej Szkaplerznej<\/strong><\/span><br><span style=\"font-family: tahoma, arial, helvetica, sans-serif;\"><strong>(na zako\u0144czenie nowenny)<\/strong><\/span><\/p>\n\n\n\n<p><span style=\"font-family: tahoma, arial, helvetica, sans-serif;\">Bogarodzico Dziewico! Kr\u00f3lowo Szkaplerza \u015bwi\u0119\u00adtego i Matko nasza! Nieustannie przywo\u0142ujesz nas do Siebie.<\/span><br><span style=\"font-family: tahoma, arial, helvetica, sans-serif;\">Pani i Kr\u00f3lowo nasza!<\/span><br><span style=\"font-family: tahoma, arial, helvetica, sans-serif;\">Jak niegdy\u015b przez dar Szkaplerza \u015bwi\u0119tego ocali\u0142a\u015b sw\u00f3j umi\u0142owany zakon karmelita\u0144ski od rozbicia i upadku, a nam wszystkim da\u0142a\u015b znak szczeg\u00f3lnej opieki, tak dzisiaj sta\u0144 na drogach ludzko\u015bci odcho\u00addz\u0105cej od Boga jako znak pojednania i ratunku dla \u015bwiata.<\/span><br><span style=\"font-family: tahoma, arial, helvetica, sans-serif;\">B\u0105d\u017a ocaleniem dla ca\u0142ej ziemi, Ko\u015bcio\u0142a i naszego narodu. Odn\u00f3w znaki i powt\u00f3rz cuda! Otrzyj \u0142zy cier\u00adpi\u0105cym, ochraniaj niewinno\u015b\u0107 dzieci, bro\u0144 wiary \u015bwi\u0119\u00adtej w sercach m\u0142odzie\u017cy; rodzinom naszym upro\u015b po\u00adk\u00f3j i mi\u0142o\u015b\u0107 wzajemn\u0105, i ducha ofiary!<\/span><br><span style=\"font-family: tahoma, arial, helvetica, sans-serif;\">Naszej ca\u0142ej Ojczy\u017anie, kt\u00f3r\u0105 tak bardzo umi\u0142owa\u0142a\u015b, b\u0142ogos\u0142aw od tronu Twej \u0142aski. Niech b\u0119dzie pociech\u0105 dla Twego Serca! Wyjednaj nam dar wytrwania w wierze ojc\u00f3w na\u00adszych, by\u015bmy Ci\u0119 mogli chwali\u0107 teraz i w wieczno\u015bci. Amen.<\/span><\/p>\n","protected":false},"excerpt":{"rendered":"<div class=\"mh-excerpt\"><p>Nowenna do Matki Bo\u017cej Szkaplerznej (7 &#8211; 15 lipca) Modlitwa do Matki Bo\u017cej Szkaplerznej(na rozpocz\u0119cie nowenny) O najwspanialsza Kr\u00f3lowo nieba i ziemi! Or\u0119dow\u00adniczko Szkaplerza \u015bwi\u0119tego, <a class=\"mh-excerpt-more\" href=\"https:\/\/parafiabierzwnik.pl\/?page_id=3452\" title=\"Nowenna do Matki Bo\u017cej Szkaplerznej\">[&#8230;]<\/a><\/p>\n<\/div>","protected":false},"author":1,"featured_media":3466,"parent":0,"menu_order":0,"comment_status":"closed","ping_status":"closed","template":"","meta":{"_monsterinsights_skip_tracking":false,"_monsterinsights_sitenote_active":false,"_monsterinsights_sitenote_note":"","_monsterinsights_sitenote_category":0,"footnotes":""},"folder":[33],"class_list":["post-3452","page","type-page","status-publish","has-post-thumbnail","hentry"],"_links":{"self":[{"href":"https:\/\/parafiabierzwnik.pl\/index.php?rest_route=\/wp\/v2\/pages\/3452","targetHints":{"allow":["GET"]}}],"collection":[{"href":"https:\/\/parafiabierzwnik.pl\/index.php?rest_route=\/wp\/v2\/pages"}],"about":[{"href":"https:\/\/parafiabierzwnik.pl\/index.php?rest_route=\/wp\/v2\/types\/page"}],"author":[{"embeddable":true,"href":"https:\/\/parafiabierzwnik.pl\/index.php?rest_route=\/wp\/v2\/users\/1"}],"replies":[{"embeddable":true,"href":"https:\/\/parafiabierzwnik.pl\/index.php?rest_route=%2Fwp%2Fv2%2Fcomments&post=3452"}],"version-history":[{"count":8,"href":"https:\/\/parafiabierzwnik.pl\/index.php?rest_route=\/wp\/v2\/pages\/3452\/revisions"}],"predecessor-version":[{"id":3632,"href":"https:\/\/parafiabierzwnik.pl\/index.php?rest_route=\/wp\/v2\/pages\/3452\/revisions\/3632"}],"wp:featuredmedia":[{"embeddable":true,"href":"https:\/\/parafiabierzwnik.pl\/index.php?rest_route=\/wp\/v2\/media\/3466"}],"wp:attachment":[{"href":"https:\/\/parafiabierzwnik.pl\/index.php?rest_route=%2Fwp%2Fv2%2Fmedia&parent=3452"}],"wp:term":[{"taxonomy":"folder","embeddable":true,"href":"https:\/\/parafiabierzwnik.pl\/index.php?rest_route=%2Fwp%2Fv2%2Ffolder&post=3452"}],"curies":[{"name":"wp","href":"https:\/\/api.w.org\/{rel}","templated":true}]}}