{"id":2634,"date":"2023-06-03T16:03:33","date_gmt":"2023-06-03T14:03:33","guid":{"rendered":"https:\/\/parafiabierzwnik.pl\/?page_id=2634"},"modified":"2023-09-11T11:25:32","modified_gmt":"2023-09-11T09:25:32","slug":"namaszczenie-chorych","status":"publish","type":"page","link":"https:\/\/parafiabierzwnik.pl\/?page_id=2634","title":{"rendered":"Namaszczenie chorych"},"content":{"rendered":"<p>Namaszczenie Chorych \u201enie jest Sakramentem przeznaczonym tylko dla tych, kt\u00f3rzy znajduj\u0105 si\u0119 w ostatecznym niebezpiecze\u0144stwie utraty \u017cycia. Odpowiednia zatem pora na przyj\u0119cie tego Sakramentu jest ju\u017c w\u00f3wczas, gdy wiernym zaczyna grozi\u0107 niebezpiecze\u0144stwo \u015bmierci z powodu choroby lub staro\u015bci\u201d<\/p>\n<p>\u201eCierpi kto mi\u0119dzy wami? Niech si\u0119 modli. Weseli si\u0119 kto? Niech \u015bpiewa pie\u015bni. Choruje kto mi\u0119dzy wami? Niech przywo\u0142a kap\u0142an\u00f3w i niech si\u0119 modl\u0105 nad nim, nama\u015bciwszy go oliw\u0105 w imieniu Pa\u0144skim. A modlitwa p\u0142yn\u0105ca z wiary uzdrowi chorego i Pan go pod\u017awignie; je\u017celi za\u015b dopu\u015bci\u0142 si\u0119 grzech\u00f3w, b\u0119d\u0105 mu odpuszczone. Wyznawajcie tedy grzechy jedni drugim i m\u00f3dlcie si\u0119 jedni za drugich, aby\u015bcie byli uzdrowieni. Wiele mo\u017ce usilna modlitwa sprawiedliwego.\u201d (Jk 5,13-16)<\/p>\n<p>Je\u015bli chory, kt\u00f3ry zosta\u0142 namaszczony, odzyska\u0142 zdrowie, w przypadku nowej ci\u0119\u017ckiej choroby mo\u017ce ponownie przyj\u0105\u0107 ten Sakrament. W ci\u0105gu tej samej choroby Namaszczenie Chorych mo\u017ce by\u0107 udzielone powt\u00f3rnie, je\u015bli choroba si\u0119 pog\u0142\u0119bia. Jest rzecz\u0105 stosown\u0105 przyj\u0105\u0107 Sakrament Namaszczenia Chorych przed trudn\u0105 operacj\u0105. Odnosi si\u0119 to tak\u017ce do os\u00f3b starszych, u kt\u00f3rych pog\u0142\u0119bia si\u0119 s\u0142abo\u015b\u0107.<\/p>\n<p>Pierwsz\u0105 \u0142ask\u0105 Sakramentu Namaszczenia Chorych jest \u0142aska umocnienia, pokoju i odwagi, by przezwyci\u0119\u017cy\u0107 trudno\u015bci zwi\u0105zane ze stanem ci\u0119\u017ckiej choroby lub staro\u015bci. Ta \u0142aska jest darem Ducha \u015awi\u0119tego, kt\u00f3ry odnawia ufno\u015b\u0107 i wiar\u0119 w Boga oraz umacnia przeciw pokusom z\u0142ego ducha, przeciw pokusie zniech\u0119cenia i trwogi przed \u015bmierci\u0105. Wsparcie Pana przez moc Jego Ducha ma prowadzi\u0107 chorego do uzdrowienia duszy, a tak\u017ce do uzdrowienia cia\u0142a, je\u015bli taka jest wola Bo\u017ca. ponadto, \u201eje\u015bliby pope\u0142ni\u0142 grzechy, b\u0119d\u0105 mu odpuszczone\u201d (Jk 5,15).<\/p>\n<p>Nie czekajmy wi\u0119c z przyj\u0119ciem Sakramentu Chorych do ostatniej chwili, lecz przyjmujmy go z wiar\u0105 i nadziej\u0105, \u017ce za jego pomoc\u0105 Chrystus umocni nas swoj\u0105 \u0142ask\u0105, doda si\u0142 i wesprze w chorobie. Pami\u0119tajmy, \u017ce ten Sakrament jest Sakramentem \u017cywych i dla \u017cywych, a nie dla umar\u0142ych!<\/p>\n","protected":false},"excerpt":{"rendered":"<div class=\"mh-excerpt\"><p>Namaszczenie Chorych \u201enie jest Sakramentem przeznaczonym tylko dla tych, kt\u00f3rzy znajduj\u0105 si\u0119 w ostatecznym niebezpiecze\u0144stwie utraty \u017cycia. Odpowiednia zatem pora na przyj\u0119cie tego Sakramentu jest <a class=\"mh-excerpt-more\" href=\"https:\/\/parafiabierzwnik.pl\/?page_id=2634\" title=\"Namaszczenie chorych\">[&#8230;]<\/a><\/p>\n<\/div>","protected":false},"author":1,"featured_media":2646,"parent":0,"menu_order":0,"comment_status":"closed","ping_status":"closed","template":"","meta":{"_monsterinsights_skip_tracking":false,"_monsterinsights_sitenote_active":false,"_monsterinsights_sitenote_note":"","_monsterinsights_sitenote_category":0,"footnotes":""},"folder":[30],"class_list":["post-2634","page","type-page","status-publish","has-post-thumbnail","hentry"],"_links":{"self":[{"href":"https:\/\/parafiabierzwnik.pl\/index.php?rest_route=\/wp\/v2\/pages\/2634","targetHints":{"allow":["GET"]}}],"collection":[{"href":"https:\/\/parafiabierzwnik.pl\/index.php?rest_route=\/wp\/v2\/pages"}],"about":[{"href":"https:\/\/parafiabierzwnik.pl\/index.php?rest_route=\/wp\/v2\/types\/page"}],"author":[{"embeddable":true,"href":"https:\/\/parafiabierzwnik.pl\/index.php?rest_route=\/wp\/v2\/users\/1"}],"replies":[{"embeddable":true,"href":"https:\/\/parafiabierzwnik.pl\/index.php?rest_route=%2Fwp%2Fv2%2Fcomments&post=2634"}],"version-history":[{"count":2,"href":"https:\/\/parafiabierzwnik.pl\/index.php?rest_route=\/wp\/v2\/pages\/2634\/revisions"}],"predecessor-version":[{"id":4677,"href":"https:\/\/parafiabierzwnik.pl\/index.php?rest_route=\/wp\/v2\/pages\/2634\/revisions\/4677"}],"wp:featuredmedia":[{"embeddable":true,"href":"https:\/\/parafiabierzwnik.pl\/index.php?rest_route=\/wp\/v2\/media\/2646"}],"wp:attachment":[{"href":"https:\/\/parafiabierzwnik.pl\/index.php?rest_route=%2Fwp%2Fv2%2Fmedia&parent=2634"}],"wp:term":[{"taxonomy":"folder","embeddable":true,"href":"https:\/\/parafiabierzwnik.pl\/index.php?rest_route=%2Fwp%2Fv2%2Ffolder&post=2634"}],"curies":[{"name":"wp","href":"https:\/\/api.w.org\/{rel}","templated":true}]}}