{"id":260,"date":"2023-06-03T18:43:00","date_gmt":"2023-06-03T16:43:00","guid":{"rendered":"https:\/\/parafiabierzwnik.pl\/?page_id=260"},"modified":"2026-06-24T22:17:21","modified_gmt":"2026-06-24T20:17:21","slug":"malzenstwo","status":"publish","type":"page","link":"https:\/\/parafiabierzwnik.pl\/?page_id=260","title":{"rendered":"Ma\u0142\u017ce\u0144stwo"},"content":{"rendered":"\n<p><span style=\"font-family: tahoma, arial, helvetica, sans-serif;\"><img loading=\"lazy\" decoding=\"async\" class=\"size-full wp-image-262 aligncenter\" src=\"https:\/\/parafiabierzwnik.pl\/wp-content\/uploads\/2026\/06\/malzenstwo.jpg\" alt=\"\" width=\"290\" height=\"200\" \/><\/span><\/p>\n<p><span style=\"font-family: tahoma, arial, helvetica, sans-serif;\">Zgodnie z\u00a0<strong>Instrukcj\u0105 Episkopatu Polski<\/strong>, przygotowanie do przyj\u0119cia tego sakramentu odbywa si\u0119 w kilku etapach.<\/span><\/p>\n<p><span style=\"font-family: tahoma, arial, helvetica, sans-serif;\">Tzw.\u00a0<strong>przygotowanie dalsze<\/strong>\u00a0odbywa si\u0119 w rodzinie, ju\u017c od lat dzieci\u0119cych, kiedy to rodzice i wychowawcy powinni stara\u0107 si\u0119 o rozwijanie cech ludzkich dziecka, kt\u00f3re pozwol\u0105 mu w przysz\u0142o\u015bci na podj\u0119cie dojrza\u0142ej decyzji o wyborze drogi \u017cycia.<\/span><\/p>\n<p><span style=\"font-family: tahoma, arial, helvetica, sans-serif;\"><strong>Przygotowanie bli\u017csze (potocznie zwane kursem przedma\u0142\u017ce\u0144skim)<\/strong> odbywa si\u0119 podczas katechezy szkolnej lub parafialnej.<\/span><\/p>\n<p><span style=\"font-family: tahoma, arial, helvetica, sans-serif;\"><strong>Przygotowanie bezpo\u015brednie<\/strong>\u00a0dotyczy ostatniego ju\u017c okresu, najcz\u0119\u015bciej na kilka miesi\u0119cy przed planowan\u0105 dat\u0105 \u015blubu. Co najmniej 3 miesi\u0105ce przed ta dat\u0105, nale\u017cy zg\u0142osi\u0107 si\u0119 do biura parafialnego (w parafii miejsca zamieszkania jednego z narzeczonych), by odby\u0107 tzw. kanoniczne badanie narzeczonych. Wyra\u017cana jest w\u00f3wczas wola narzeczonych przyj\u0119cia tego sakramentu, zgodnie z nauk\u0105 Ko\u015bcio\u0142a. Jest ona nast\u0119pnie publicznie og\u0142aszana w miejscu zamieszkania narzeczonych (tzw. zapowiedzi).<\/span><\/p>\n<p><span style=\"font-family: tahoma, arial, helvetica, sans-serif;\"><strong>Wymagane dokumenty<\/strong>: dow\u00f3d osobisty; aktualne metryki chrztu narzeczonych (wystawione nie wcze\u015bniej, ni\u017c 6 miesi\u0119cy przed planowan\u0105 dat\u0105 \u015blubu) \u2013 dla tych, kt\u00f3rych chrzest by\u0142 poza parafi\u0105; \u015bwiadectwa uko\u0144czenia kursu przedma\u0142\u017ce\u0144skiego (lub ostatnie \u015bwiadectwo z nauki religii w szkole \u015bredniej, je\u015bli kurs by\u0142 przeprowadzony w szkole); dokumenty z Urz\u0119du Stanu Cywilnego (tzw. \u015blub konkordatowy).<\/span><\/p>\n","protected":false},"excerpt":{"rendered":"<div class=\"mh-excerpt\"><\/div>","protected":false},"author":1,"featured_media":0,"parent":0,"menu_order":0,"comment_status":"closed","ping_status":"closed","template":"","meta":{"footnotes":""},"folder":[25],"class_list":["post-260","page","type-page","status-publish","hentry"],"_links":{"self":[{"href":"https:\/\/parafiabierzwnik.pl\/index.php?rest_route=\/wp\/v2\/pages\/260","targetHints":{"allow":["GET"]}}],"collection":[{"href":"https:\/\/parafiabierzwnik.pl\/index.php?rest_route=\/wp\/v2\/pages"}],"about":[{"href":"https:\/\/parafiabierzwnik.pl\/index.php?rest_route=\/wp\/v2\/types\/page"}],"author":[{"embeddable":true,"href":"https:\/\/parafiabierzwnik.pl\/index.php?rest_route=\/wp\/v2\/users\/1"}],"replies":[{"embeddable":true,"href":"https:\/\/parafiabierzwnik.pl\/index.php?rest_route=%2Fwp%2Fv2%2Fcomments&post=260"}],"version-history":[{"count":3,"href":"https:\/\/parafiabierzwnik.pl\/index.php?rest_route=\/wp\/v2\/pages\/260\/revisions"}],"predecessor-version":[{"id":3257,"href":"https:\/\/parafiabierzwnik.pl\/index.php?rest_route=\/wp\/v2\/pages\/260\/revisions\/3257"}],"wp:attachment":[{"href":"https:\/\/parafiabierzwnik.pl\/index.php?rest_route=%2Fwp%2Fv2%2Fmedia&parent=260"}],"wp:term":[{"taxonomy":"folder","embeddable":true,"href":"https:\/\/parafiabierzwnik.pl\/index.php?rest_route=%2Fwp%2Fv2%2Ffolder&post=260"}],"curies":[{"name":"wp","href":"https:\/\/api.w.org\/{rel}","templated":true}]}}

Małżeństwo

<p><span style="font-family: tahoma, arial, helvetica, sans-serif;"><img loading="lazy" decoding="async" class="size-full wp-image-262 aligncenter" src="https://parafiabierzwnik.pl/wp-content/uploads/2026/06/malzenstwo.jpg" alt="" width="290" height="200" /></span></p>
<p><span style="font-family: tahoma, arial, helvetica, sans-serif;">Zgodnie z <strong>Instrukcją Episkopatu Polski</strong>, przygotowanie do przyjęcia tego sakramentu odbywa się w kilku etapach.</span></p>
<p><span style="font-family: tahoma, arial, helvetica, sans-serif;">Tzw. <strong>przygotowanie dalsze</strong> odbywa się w rodzinie, już od lat dziecięcych, kiedy to rodzice i wychowawcy powinni starać się o rozwijanie cech ludzkich dziecka, które pozwolą mu w przyszłości na podjęcie dojrzałej decyzji o wyborze drogi życia.</span></p>
<p><span style="font-family: tahoma, arial, helvetica, sans-serif;"><strong>Przygotowanie bliższe (potocznie zwane kursem przedmałżeńskim)</strong> odbywa się podczas katechezy szkolnej lub parafialnej.</span></p>
<p><span style="font-family: tahoma, arial, helvetica, sans-serif;"><strong>Przygotowanie bezpośrednie</strong> dotyczy ostatniego już okresu, najczęściej na kilka miesięcy przed planowaną datą ślubu. Co najmniej 3 miesiące przed ta datą, należy zgłosić się do biura parafialnego (w parafii miejsca zamieszkania jednego z narzeczonych), by odbyć tzw. kanoniczne badanie narzeczonych. Wyrażana jest wówczas wola narzeczonych przyjęcia tego sakramentu, zgodnie z nauką Kościoła. Jest ona następnie publicznie ogłaszana w miejscu zamieszkania narzeczonych (tzw. zapowiedzi).</span></p>
<p><span style="font-family: tahoma, arial, helvetica, sans-serif;"><strong>Wymagane dokumenty</strong>: dowód osobisty; aktualne metryki chrztu narzeczonych (wystawione nie wcześniej, niż 6 miesięcy przed planowaną datą ślubu) – dla tych, których chrzest był poza parafią; świadectwa ukończenia kursu przedmałżeńskiego (lub ostatnie świadectwo z nauki religii w szkole średniej, jeśli kurs był przeprowadzony w szkole); dokumenty z Urzędu Stanu Cywilnego (tzw. ślub konkordatowy).</span></p>
