{"id":180,"date":"2023-08-28T12:55:00","date_gmt":"2023-08-28T10:55:00","guid":{"rendered":"https:\/\/parafiabierzwnik.pl\/?page_id=180"},"modified":"2026-06-15T13:07:39","modified_gmt":"2026-06-15T11:07:39","slug":"rozaniec","status":"publish","type":"page","link":"https:\/\/parafiabierzwnik.pl\/?page_id=180","title":{"rendered":"R\u00f3\u017caniec"},"content":{"rendered":"\n<p><span style=\"font-family: tahoma, arial, helvetica, sans-serif;\">Pe\u0142na Modlitwa R\u00f3\u017ca\u0144cowa sk\u0142ada si\u0119 z czterech cz\u0119\u015bci &#8211; czyli czterech ca\u0142ych, fizycznych r\u00f3\u017ca\u0144c\u00f3w.<br \/>Ka\u017cda za\u015b cz\u0119\u015b\u0107 &#8211; z pi\u0119ciu tajemnic.<br \/>Modlitwa R\u00f3\u017ca\u0144cowa stanowi swego rodzaju streszczenie Ewangelii; opisuje ona bowiem wydarzenia z \u017cycia Jezusa i Maryi. <\/span><\/p>\n<h3><span style=\"font-family: tahoma, arial, helvetica, sans-serif;\">Jak odmawia\u0107 r\u00f3\u017caniec?<\/span><\/h3>\n<p><span style=\"font-family: tahoma, arial, helvetica, sans-serif;\">Uczy\u0144 znak Krzy\u017ca i odm\u00f3w &#8222;Wierz\u0119 w Boga&#8221;. Nast\u0119pnie jedno &#8222;Ojcze nasz&#8221;, trzy &#8222;Zdrowa\u015b Maryjo&#8221; oraz\u00a0jedno &#8222;Chwa\u0142a Ojcu&#8221;.<br \/>Po tym wst\u0119pie przechodzimy do cz\u0119\u015bci g\u0142\u00f3wnej.<br \/>Wymieniamy pierwsz\u0105 tajemnic\u0119 i odmawiamy &#8222;Ojcze nasz&#8221;, dziesi\u0119\u0107 &#8222;Zdrowa\u015b Maryjo&#8221; i jedno &#8222;Chwa\u0142a Ojcu&#8221;.<br \/>Wymieniamy drug\u0105 tajemnic\u0119 i odmawiamy &#8222;Ojcze nasz&#8221;, dziesi\u0119\u0107 &#8222;Zdrowa\u015b Maryjo&#8221; i jedno &#8222;Chwa\u0142a Ojcu&#8221;.<br \/>I tak kolejno wszystkie pi\u0119\u0107 tajemnic.<\/span><\/p>\n<p><span style=\"font-family: tahoma, arial, helvetica, sans-serif;\"><a href=\"https:\/\/parafiabierzwnik.pl\/wp-content\/uploads\/2026\/06\/rozaniec-jak-odmawiac.jpg\"><img loading=\"lazy\" decoding=\"async\" class=\"aligncenter wp-image-182 size-medium\" src=\"https:\/\/parafiabierzwnik.pl\/wp-content\/uploads\/2026\/06\/rozaniec-jak-odmawiac-300x201.jpg\" alt=\"\" width=\"300\" height=\"201\" \/><\/a><\/span><\/p>\n<p><span style=\"font-family: tahoma, arial, helvetica, sans-serif;\"><strong>Cz\u0119\u015b\u0107 I &#8211; Tajemnice radosne (poniedzia\u0142ek, sobota)<\/strong><\/span><br \/><span style=\"font-family: tahoma, arial, helvetica, sans-serif;\">\u2022 Zwiastowanie Naj\u015bwi\u0119tszej Maryi Pannie<\/span><br \/><span style=\"font-family: tahoma, arial, helvetica, sans-serif;\">\u2022 Nawiedzenie \u015bwi\u0119tej El\u017cbiety<\/span><br \/><span style=\"font-family: tahoma, arial, helvetica, sans-serif;\">\u2022 Narodzenie Pana Jezusa<\/span><br \/><span style=\"font-family: tahoma, arial, helvetica, sans-serif;\">\u2022 Ofiarowanie Jezusa w \u015awi\u0105tyni<\/span><br \/><span style=\"font-family: tahoma, arial, helvetica, sans-serif;\">\u2022 Odnalezienie Jezusa w \u015awi\u0105tyni<\/span><\/p>\n<p><span style=\"font-family: tahoma, arial, helvetica, sans-serif;\"><strong>Cz\u0119\u015b\u0107 II &#8211; Tajemnice \u015bwiat\u0142a (czwartek)<\/strong><\/span><br \/><span style=\"font-family: tahoma, arial, helvetica, sans-serif;\">\u2022 Chrzest Pana Jezusa w Jordanie<\/span><br \/><span style=\"font-family: tahoma, arial, helvetica, sans-serif;\">\u2022 Objawienie si\u0119 Jezusa w Kanie Galilejskiej<\/span><br \/><span style=\"font-family: tahoma, arial, helvetica, sans-serif;\">\u2022 G\u0142oszenie kr\u00f3lestwa Bo\u017cego i wzywanie do nawr\u00f3cenia<\/span><br \/><span style=\"font-family: tahoma, arial, helvetica, sans-serif;\">\u2022 Przemienienie Pa\u0144skie na g\u00f3rze Tabor<\/span><br \/><span style=\"font-family: tahoma, arial, helvetica, sans-serif;\">\u2022 Ustanowienie Eucharystii<\/span><\/p>\n<p><span style=\"font-family: tahoma, arial, helvetica, sans-serif;\"><strong>Cz\u0119\u015b\u0107 III &#8211; Tajemnice bolesne (wtorek, pi\u0105tek)<\/strong><\/span><br \/><span style=\"font-family: tahoma, arial, helvetica, sans-serif;\">\u2022 Modlitwa Jezusa w Ogr\u00f3jcu<\/span><br \/><span style=\"font-family: tahoma, arial, helvetica, sans-serif;\">\u2022 Biczowanie Jezusa<\/span><br \/><span style=\"font-family: tahoma, arial, helvetica, sans-serif;\">\u2022 Cierniem ukoronowanie Jezusa<\/span><br \/><span style=\"font-family: tahoma, arial, helvetica, sans-serif;\">\u2022 D\u017awiganie krzy\u017ca na Kalwari\u0119<\/span><br \/><span style=\"font-family: tahoma, arial, helvetica, sans-serif;\">\u2022 Ukrzy\u017cowanie i \u015bmier\u0107 Jezusa<\/span><\/p>\n<p><span style=\"font-family: tahoma, arial, helvetica, sans-serif;\"><strong>Cz\u0119\u015b\u0107 IV &#8211; Tajemnice chwalebne (\u015broda, niedziela)<\/strong><\/span><br \/><span style=\"font-family: tahoma, arial, helvetica, sans-serif;\">\u2022 Zmartwychwstanie Jezusa Chrystusa<\/span><br \/><span style=\"font-family: tahoma, arial, helvetica, sans-serif;\">\u2022 Wniebowst\u0105pienie Pana Jezusa<\/span><br \/><span style=\"font-family: tahoma, arial, helvetica, sans-serif;\">\u2022 Zes\u0142anie Ducha \u015awi\u0119tego<\/span><br \/><span style=\"font-family: tahoma, arial, helvetica, sans-serif;\">\u2022 Wniebowzi\u0119cie Naj\u015bwi\u0119tszej Maryi Panny<\/span><br \/><span style=\"font-family: tahoma, arial, helvetica, sans-serif;\">\u2022 Ukoronowanie Maryi na Kr\u00f3low\u0105 nieba i ziemi<\/span><\/p>\n","protected":false},"excerpt":{"rendered":"<div class=\"mh-excerpt\"><\/div>","protected":false},"author":1,"featured_media":0,"parent":0,"menu_order":0,"comment_status":"closed","ping_status":"closed","template":"","meta":{"footnotes":""},"folder":[19],"class_list":["post-180","page","type-page","status-publish","hentry"],"_links":{"self":[{"href":"https:\/\/parafiabierzwnik.pl\/index.php?rest_route=\/wp\/v2\/pages\/180","targetHints":{"allow":["GET"]}}],"collection":[{"href":"https:\/\/parafiabierzwnik.pl\/index.php?rest_route=\/wp\/v2\/pages"}],"about":[{"href":"https:\/\/parafiabierzwnik.pl\/index.php?rest_route=\/wp\/v2\/types\/page"}],"author":[{"embeddable":true,"href":"https:\/\/parafiabierzwnik.pl\/index.php?rest_route=\/wp\/v2\/users\/1"}],"replies":[{"embeddable":true,"href":"https:\/\/parafiabierzwnik.pl\/index.php?rest_route=%2Fwp%2Fv2%2Fcomments&post=180"}],"version-history":[{"count":3,"href":"https:\/\/parafiabierzwnik.pl\/index.php?rest_route=\/wp\/v2\/pages\/180\/revisions"}],"predecessor-version":[{"id":187,"href":"https:\/\/parafiabierzwnik.pl\/index.php?rest_route=\/wp\/v2\/pages\/180\/revisions\/187"}],"wp:attachment":[{"href":"https:\/\/parafiabierzwnik.pl\/index.php?rest_route=%2Fwp%2Fv2%2Fmedia&parent=180"}],"wp:term":[{"taxonomy":"folder","embeddable":true,"href":"https:\/\/parafiabierzwnik.pl\/index.php?rest_route=%2Fwp%2Fv2%2Ffolder&post=180"}],"curies":[{"name":"wp","href":"https:\/\/api.w.org\/{rel}","templated":true}]}}

Różaniec

<p><span style="font-family: tahoma, arial, helvetica, sans-serif;">Pełna Modlitwa Różańcowa składa się z czterech części &#8211; czyli czterech całych, fizycznych różańców.<br />Każda zaś część &#8211; z pięciu tajemnic.<br />Modlitwa Różańcowa stanowi swego rodzaju streszczenie Ewangelii; opisuje ona bowiem wydarzenia z życia Jezusa i Maryi. </span></p>
<h3><span style="font-family: tahoma, arial, helvetica, sans-serif;">Jak odmawiać różaniec?</span></h3>
<p><span style="font-family: tahoma, arial, helvetica, sans-serif;">Uczyń znak Krzyża i odmów &#8222;Wierzę w Boga&#8221;. Następnie jedno &#8222;Ojcze nasz&#8221;, trzy &#8222;Zdrowaś Maryjo&#8221; oraz jedno &#8222;Chwała Ojcu&#8221;.<br />Po tym wstępie przechodzimy do części głównej.<br />Wymieniamy pierwszą tajemnicę i odmawiamy &#8222;Ojcze nasz&#8221;, dziesięć &#8222;Zdrowaś Maryjo&#8221; i jedno &#8222;Chwała Ojcu&#8221;.<br />Wymieniamy drugą tajemnicę i odmawiamy &#8222;Ojcze nasz&#8221;, dziesięć &#8222;Zdrowaś Maryjo&#8221; i jedno &#8222;Chwała Ojcu&#8221;.<br />I tak kolejno wszystkie pięć tajemnic.</span></p>
<p><span style="font-family: tahoma, arial, helvetica, sans-serif;"><a href="https://parafiabierzwnik.pl/wp-content/uploads/2026/06/rozaniec-jak-odmawiac.jpg"><img loading="lazy" decoding="async" class="aligncenter wp-image-182 size-medium" src="https://parafiabierzwnik.pl/wp-content/uploads/2026/06/rozaniec-jak-odmawiac-300x201.jpg" alt="" width="300" height="201" /></a></span></p>
<p><span style="font-family: tahoma, arial, helvetica, sans-serif;"><strong>Część I &#8211; Tajemnice radosne (poniedziałek, sobota)</strong></span><br /><span style="font-family: tahoma, arial, helvetica, sans-serif;">• Zwiastowanie Najświętszej Maryi Pannie</span><br /><span style="font-family: tahoma, arial, helvetica, sans-serif;">• Nawiedzenie świętej Elżbiety</span><br /><span style="font-family: tahoma, arial, helvetica, sans-serif;">• Narodzenie Pana Jezusa</span><br /><span style="font-family: tahoma, arial, helvetica, sans-serif;">• Ofiarowanie Jezusa w Świątyni</span><br /><span style="font-family: tahoma, arial, helvetica, sans-serif;">• Odnalezienie Jezusa w Świątyni</span></p>
<p><span style="font-family: tahoma, arial, helvetica, sans-serif;"><strong>Część II &#8211; Tajemnice światła (czwartek)</strong></span><br /><span style="font-family: tahoma, arial, helvetica, sans-serif;">• Chrzest Pana Jezusa w Jordanie</span><br /><span style="font-family: tahoma, arial, helvetica, sans-serif;">• Objawienie się Jezusa w Kanie Galilejskiej</span><br /><span style="font-family: tahoma, arial, helvetica, sans-serif;">• Głoszenie królestwa Bożego i wzywanie do nawrócenia</span><br /><span style="font-family: tahoma, arial, helvetica, sans-serif;">• Przemienienie Pańskie na górze Tabor</span><br /><span style="font-family: tahoma, arial, helvetica, sans-serif;">• Ustanowienie Eucharystii</span></p>
<p><span style="font-family: tahoma, arial, helvetica, sans-serif;"><strong>Część III &#8211; Tajemnice bolesne (wtorek, piątek)</strong></span><br /><span style="font-family: tahoma, arial, helvetica, sans-serif;">• Modlitwa Jezusa w Ogrójcu</span><br /><span style="font-family: tahoma, arial, helvetica, sans-serif;">• Biczowanie Jezusa</span><br /><span style="font-family: tahoma, arial, helvetica, sans-serif;">• Cierniem ukoronowanie Jezusa</span><br /><span style="font-family: tahoma, arial, helvetica, sans-serif;">• Dźwiganie krzyża na Kalwarię</span><br /><span style="font-family: tahoma, arial, helvetica, sans-serif;">• Ukrzyżowanie i śmierć Jezusa</span></p>
<p><span style="font-family: tahoma, arial, helvetica, sans-serif;"><strong>Część IV &#8211; Tajemnice chwalebne (środa, niedziela)</strong></span><br /><span style="font-family: tahoma, arial, helvetica, sans-serif;">• Zmartwychwstanie Jezusa Chrystusa</span><br /><span style="font-family: tahoma, arial, helvetica, sans-serif;">• Wniebowstąpienie Pana Jezusa</span><br /><span style="font-family: tahoma, arial, helvetica, sans-serif;">• Zesłanie Ducha Świętego</span><br /><span style="font-family: tahoma, arial, helvetica, sans-serif;">• Wniebowzięcie Najświętszej Maryi Panny</span><br /><span style="font-family: tahoma, arial, helvetica, sans-serif;">• Ukoronowanie Maryi na Królową nieba i ziemi</span></p>
