{"id":150,"date":"2022-04-18T11:34:00","date_gmt":"2022-04-18T09:34:00","guid":{"rendered":"https:\/\/parafiabierzwnik.pl\/?page_id=150"},"modified":"2026-08-28T12:24:26","modified_gmt":"2026-08-28T10:24:26","slug":"kancelaria","status":"publish","type":"page","link":"https:\/\/parafiabierzwnik.pl\/?page_id=150","title":{"rendered":"Kancelaria"},"content":{"rendered":"<div class=\"wp-block-image\">\n<figure class=\"aligncenter is-resized\"><img decoding=\"async\" src=\"https:\/\/parafiabierzwnik.pl\/wp-content\/uploads\/2026\/06\/kancelaria.jpg\" alt=\"\" style=\"aspect-ratio:1.45;width:290px;height:auto\"\/><\/figure>\n<\/div>\n\n\n<p class=\"wp-block-paragraph\">Kancelaria parafialna czynna jest:<\/p>\n\n\n\n<p class=\"wp-block-paragraph\">\u2013 w \u015brody:&nbsp; 15.00 \u2013 16.30<br>\u2013 w soboty: 10.00 \u2013 11.00<\/p>\n\n\n\n<p class=\"wp-block-paragraph\">W sprawach pilnych (z pos\u0142ug\u0105 do chorego i pogrzebowych) o ka\u017cdej porze lub po uzgodnieniu telefonicznym: 668 599 998<\/p>\n\n\n\n<p class=\"wp-block-paragraph\">W niedziele i \u015bwi\u0119ta kancelaria nieczynna.<\/p>\n\n\n\n<hr class=\"wp-block-separator has-alpha-channel-opacity\"\/>\n\n\n\n<h3 class=\"wp-block-heading\"><strong>Za kogo warto zam\u00f3wi\u0107 Msz\u0119 \u015bwi\u0119t\u0105?<\/strong><\/h3>\n\n\n\n<ul class=\"wp-block-list\">\n<li><strong>Za naszych bliskich\u00a0<\/strong>\u2013 z pro\u015bb\u0105 o b\u0142ogos\u0142awie\u0144stwo, zdrowie, przy okazji jubileuszy, urodzin, imienin, wa\u017cnych uroczysto\u015bci, czy trudnych moment\u00f3w w \u017cyciu.<\/li>\n\n\n\n<li><strong>Za zmar\u0142ych<\/strong>\u00a0\u2013 nasz\u0105 powinno\u015bci\u0105 jest modlitwa za naszych bliskich zmar\u0142ych Modlimy si\u0119 r\u00f3wnie\u017c za zmar\u0142ych we Mszach \u015bw. gregoria\u0144skich, czyli 30 nast\u0119puj\u0105cych po\u00a0sobie Mszy \u015bwi\u0119tych sprawowanych przez\u00a0kolejne dni miesi\u0105ca.<\/li>\n\n\n\n<li><strong>W ka\u017cdej dobrej intencji<\/strong>\u00a0(np. za Ojczyzn\u0119, o powo\u0142ania, w intencji dzieci, m\u0142odzie\u017cy).<\/li>\n<\/ul>\n","protected":false},"excerpt":{"rendered":"<div class=\"mh-excerpt\"><p>Kancelaria parafialna czynna jest: \u2013 w \u015brody:&nbsp; 15.00 \u2013 16.30\u2013 w soboty: 10.00 \u2013 11.00 W sprawach pilnych (z pos\u0142ug\u0105 do chorego i pogrzebowych) o <a class=\"mh-excerpt-more\" href=\"https:\/\/parafiabierzwnik.pl\/?page_id=150\" title=\"Kancelaria\"><\/a><\/p>\n<\/div>","protected":false},"author":1,"featured_media":0,"parent":0,"menu_order":0,"comment_status":"closed","ping_status":"closed","template":"","meta":{"footnotes":""},"folder":[12],"class_list":["post-150","page","type-page","status-publish","hentry"],"_links":{"self":[{"href":"https:\/\/parafiabierzwnik.pl\/index.php?rest_route=\/wp\/v2\/pages\/150","targetHints":{"allow":["GET"]}}],"collection":[{"href":"https:\/\/parafiabierzwnik.pl\/index.php?rest_route=\/wp\/v2\/pages"}],"about":[{"href":"https:\/\/parafiabierzwnik.pl\/index.php?rest_route=\/wp\/v2\/types\/page"}],"author":[{"embeddable":true,"href":"https:\/\/parafiabierzwnik.pl\/index.php?rest_route=\/wp\/v2\/users\/1"}],"replies":[{"embeddable":true,"href":"https:\/\/parafiabierzwnik.pl\/index.php?rest_route=%2Fwp%2Fv2%2Fcomments&post=150"}],"version-history":[{"count":5,"href":"https:\/\/parafiabierzwnik.pl\/index.php?rest_route=\/wp\/v2\/pages\/150\/revisions"}],"predecessor-version":[{"id":3723,"href":"https:\/\/parafiabierzwnik.pl\/index.php?rest_route=\/wp\/v2\/pages\/150\/revisions\/3723"}],"wp:attachment":[{"href":"https:\/\/parafiabierzwnik.pl\/index.php?rest_route=%2Fwp%2Fv2%2Fmedia&parent=150"}],"wp:term":[{"taxonomy":"folder","embeddable":true,"href":"https:\/\/parafiabierzwnik.pl\/index.php?rest_route=%2Fwp%2Fv2%2Ffolder&post=150"}],"curies":[{"name":"wp","href":"https:\/\/api.w.org\/{rel}","templated":true}]}}

<div class="wp-block-image">
<figure class="aligncenter is-resized"><img decoding="async" src="https://parafiabierzwnik.pl/wp-content/uploads/2026/06/kancelaria.jpg" alt="" style="aspect-ratio:1.45;width:290px;height:auto"/></figure>
</div>


<p class="wp-block-paragraph">Kancelaria parafialna czynna jest:</p>



<p class="wp-block-paragraph">– w środy:&nbsp; 15.00 – 16.30<br>– w soboty: 10.00 – 11.00</p>



<p class="wp-block-paragraph">W sprawach pilnych (z posługą do chorego i pogrzebowych) o każdej porze lub po uzgodnieniu telefonicznym: 668 599 998</p>



<p class="wp-block-paragraph">W niedziele i święta kancelaria nieczynna.</p>



<hr class="wp-block-separator has-alpha-channel-opacity"/>



<h3 class="wp-block-heading"><strong>Za kogo warto zamówić Mszę świętą?</strong></h3>



<ul class="wp-block-list">
<li><strong>Za naszych bliskich </strong>– z prośbą o błogosławieństwo, zdrowie, przy okazji jubileuszy, urodzin, imienin, ważnych uroczystości, czy trudnych momentów w życiu.</li>



<li><strong>Za zmarłych</strong> – naszą powinnością jest modlitwa za naszych bliskich zmarłych Modlimy się również za zmarłych we Mszach św. gregoriańskich, czyli 30 następujących po sobie Mszy świętych sprawowanych przez kolejne dni miesiąca.</li>



<li><strong>W każdej dobrej intencji</strong> (np. za Ojczyznę, o powołania, w intencji dzieci, młodzieży).</li>
</ul>

<div class="mh-excerpt"><p>Kancelaria parafialna czynna jest: – w środy:&nbsp; 15.00 – 16.30– w soboty: 10.00 – 11.00 W sprawach pilnych (z posługą do chorego i pogrzebowych) o <a class="mh-excerpt-more" href="https://parafiabierzwnik.pl/?page_id=150" title="Kancelaria"></a></p>
</div>
